{"id":10030,"date":"2025-04-03T13:37:47","date_gmt":"2025-04-03T16:37:47","guid":{"rendered":"https:\/\/promoalge.com.br\/?post_type=product&#038;p=10030"},"modified":"2025-04-08T18:06:20","modified_gmt":"2025-04-08T21:06:20","slug":"caderno-ecologico-com-caneta-pr-06098","status":"publish","type":"product","link":"https:\/\/promoalge.com.br\/?product=caderno-ecologico-com-caneta-pr-06098","title":{"rendered":"Caderno Ecol\u00f3gico com Caneta &#8211; PR 06098"},"content":{"rendered":"","protected":false},"excerpt":{"rendered":"<p>Descri\u00e7\u00e3o: Caderno ecol\u00f3gico com caneta, capa produzida em papel\u00e3o com detalhe texturizado e verso liso. Cont\u00e9m miolo com aproximadamente 70 folhas pautadas, suporte de nylon e acompanha caneta de papel\u00e3o com clip e ponteira de pl\u00e1stico, carga esferogr\u00e1fica 1.0mm e acionamento por clique.<\/p>\n<p>Altura :  17,9 cm<\/p>\n<p>Largura :  14,6 cm<\/p>\n<p>Espessura :  1,8 cm<\/p>\n<p>Quantidade m\u00ednima de 50 unidades.<\/p>\n","protected":false},"featured_media":10031,"template":"","meta":[],"product_brand":[],"product_cat":[409,321],"product_tag":[],"class_list":{"0":"post-10030","1":"product","2":"type-product","3":"status-publish","4":"has-post-thumbnail","6":"product_cat-escritorio","7":"product_cat-linha-ecologica","9":"first","10":"instock","11":"shipping-taxable","12":"product-type-simple"},"_links":{"self":[{"href":"https:\/\/promoalge.com.br\/index.php?rest_route=\/wp\/v2\/product\/10030","targetHints":{"allow":["GET"]}}],"collection":[{"href":"https:\/\/promoalge.com.br\/index.php?rest_route=\/wp\/v2\/product"}],"about":[{"href":"https:\/\/promoalge.com.br\/index.php?rest_route=\/wp\/v2\/types\/product"}],"wp:featuredmedia":[{"embeddable":true,"href":"https:\/\/promoalge.com.br\/index.php?rest_route=\/wp\/v2\/media\/10031"}],"wp:attachment":[{"href":"https:\/\/promoalge.com.br\/index.php?rest_route=%2Fwp%2Fv2%2Fmedia&parent=10030"}],"wp:term":[{"taxonomy":"product_brand","embeddable":true,"href":"https:\/\/promoalge.com.br\/index.php?rest_route=%2Fwp%2Fv2%2Fproduct_brand&post=10030"},{"taxonomy":"product_cat","embeddable":true,"href":"https:\/\/promoalge.com.br\/index.php?rest_route=%2Fwp%2Fv2%2Fproduct_cat&post=10030"},{"taxonomy":"product_tag","embeddable":true,"href":"https:\/\/promoalge.com.br\/index.php?rest_route=%2Fwp%2Fv2%2Fproduct_tag&post=10030"}],"curies":[{"name":"wp","href":"https:\/\/api.w.org\/{rel}","templated":true}]}}