{"id":10214,"date":"2025-05-27T15:06:16","date_gmt":"2025-05-27T18:06:16","guid":{"rendered":"https:\/\/promoalge.com.br\/?post_type=product&#038;p=10214"},"modified":"2025-05-27T15:06:16","modified_gmt":"2025-05-27T18:06:16","slug":"trena-emborrachada-5-metros-pr-10585b","status":"publish","type":"product","link":"https:\/\/promoalge.com.br\/?product=trena-emborrachada-5-metros-pr-10585b","title":{"rendered":"Trena Emborrachada 5 Metros &#8211; PR 10585B"},"content":{"rendered":"","protected":false},"excerpt":{"rendered":"<p>Descri\u00e7\u00e3o: Uma trena emborrachada com detalhes em pl\u00e1stico, presilha de metal e al\u00e7a de pl\u00e1stico \u00e9 uma op\u00e7\u00e3o extremamente funcional e resistente para qualquer situa\u00e7\u00e3o. Conta com fita de medi\u00e7\u00e3o com alcance m\u00e1ximo de 5 metros, al\u00e9m de exibir suas medidas em p\u00e9s e polegadas, aumentando ainda mais a sua versatilidade. A trena tamb\u00e9m tem uma trava de seguran\u00e7a de f\u00e1cil acionamento: basta deslizar que a fita \u00e9 contida totalmente no trecho desejado, tornando o seu uso ainda mais pr\u00e1tico.<\/p>\n<p>Altura :  6,8 cm<\/p>\n<p>Largura :  7,2 cm<\/p>\n<p>Espessura :  3,7 cm<\/p>\n<p>Comprimento :  c\/ al\u00e7a: 12,5 cm<\/p>\n<p>Quantidade minima de 50 unidades<\/p>\n","protected":false},"featured_media":10215,"template":"","meta":[],"product_brand":[],"product_cat":[353],"product_tag":[],"class_list":{"0":"post-10214","1":"product","2":"type-product","3":"status-publish","4":"has-post-thumbnail","6":"product_cat-diversos","8":"first","9":"instock","10":"shipping-taxable","11":"product-type-simple"},"_links":{"self":[{"href":"https:\/\/promoalge.com.br\/index.php?rest_route=\/wp\/v2\/product\/10214","targetHints":{"allow":["GET"]}}],"collection":[{"href":"https:\/\/promoalge.com.br\/index.php?rest_route=\/wp\/v2\/product"}],"about":[{"href":"https:\/\/promoalge.com.br\/index.php?rest_route=\/wp\/v2\/types\/product"}],"wp:featuredmedia":[{"embeddable":true,"href":"https:\/\/promoalge.com.br\/index.php?rest_route=\/wp\/v2\/media\/10215"}],"wp:attachment":[{"href":"https:\/\/promoalge.com.br\/index.php?rest_route=%2Fwp%2Fv2%2Fmedia&parent=10214"}],"wp:term":[{"taxonomy":"product_brand","embeddable":true,"href":"https:\/\/promoalge.com.br\/index.php?rest_route=%2Fwp%2Fv2%2Fproduct_brand&post=10214"},{"taxonomy":"product_cat","embeddable":true,"href":"https:\/\/promoalge.com.br\/index.php?rest_route=%2Fwp%2Fv2%2Fproduct_cat&post=10214"},{"taxonomy":"product_tag","embeddable":true,"href":"https:\/\/promoalge.com.br\/index.php?rest_route=%2Fwp%2Fv2%2Fproduct_tag&post=10214"}],"curies":[{"name":"wp","href":"https:\/\/api.w.org\/{rel}","templated":true}]}}