{"id":10378,"date":"2025-06-26T16:47:33","date_gmt":"2025-06-26T19:47:33","guid":{"rendered":"https:\/\/promoalge.com.br\/?post_type=product&#038;p=10378"},"modified":"2025-08-07T12:43:49","modified_gmt":"2025-08-07T15:43:49","slug":"porta-tenis-em-poliester-300d-pr-pt1050","status":"publish","type":"product","link":"https:\/\/promoalge.com.br\/?product=porta-tenis-em-poliester-300d-pr-pt1050","title":{"rendered":"Porta T\u00eanis em Poli\u00e9ster 300D &#8211; PR PT1050"},"content":{"rendered":"","protected":false},"excerpt":{"rendered":"<p>Porta T\u00eanis em tecido poli\u00e9ster 300D com bolso frontal e al\u00e7a de m\u00e3o.<\/p>\n<p>Quantidade m\u00ednima de 50 unidades.<\/p>\n","protected":false},"featured_media":10379,"template":"","meta":[],"product_brand":[],"product_cat":[79,416],"product_tag":[],"class_list":{"0":"post-10378","1":"product","2":"type-product","3":"status-publish","4":"has-post-thumbnail","6":"product_cat-bolsas-mochilas","7":"product_cat-necessaire","9":"first","10":"instock","11":"shipping-taxable","12":"product-type-simple"},"_links":{"self":[{"href":"https:\/\/promoalge.com.br\/index.php?rest_route=\/wp\/v2\/product\/10378","targetHints":{"allow":["GET"]}}],"collection":[{"href":"https:\/\/promoalge.com.br\/index.php?rest_route=\/wp\/v2\/product"}],"about":[{"href":"https:\/\/promoalge.com.br\/index.php?rest_route=\/wp\/v2\/types\/product"}],"wp:featuredmedia":[{"embeddable":true,"href":"https:\/\/promoalge.com.br\/index.php?rest_route=\/wp\/v2\/media\/10379"}],"wp:attachment":[{"href":"https:\/\/promoalge.com.br\/index.php?rest_route=%2Fwp%2Fv2%2Fmedia&parent=10378"}],"wp:term":[{"taxonomy":"product_brand","embeddable":true,"href":"https:\/\/promoalge.com.br\/index.php?rest_route=%2Fwp%2Fv2%2Fproduct_brand&post=10378"},{"taxonomy":"product_cat","embeddable":true,"href":"https:\/\/promoalge.com.br\/index.php?rest_route=%2Fwp%2Fv2%2Fproduct_cat&post=10378"},{"taxonomy":"product_tag","embeddable":true,"href":"https:\/\/promoalge.com.br\/index.php?rest_route=%2Fwp%2Fv2%2Fproduct_tag&post=10378"}],"curies":[{"name":"wp","href":"https:\/\/api.w.org\/{rel}","templated":true}]}}