{"id":10850,"date":"2025-07-31T14:36:58","date_gmt":"2025-07-31T17:36:58","guid":{"rendered":"https:\/\/promoalge.com.br\/?post_type=product&#038;p=10850"},"modified":"2025-07-31T16:04:10","modified_gmt":"2025-07-31T19:04:10","slug":"copo-plastico-em-fibra-de-trigo-pr-co021","status":"publish","type":"product","link":"https:\/\/promoalge.com.br\/?product=copo-plastico-em-fibra-de-trigo-pr-co021","title":{"rendered":"Copo Pl\u00e1stico em Fibra de Trigo &#8211; PR CO021"},"content":{"rendered":"","protected":false},"excerpt":{"rendered":"<p>Copo pl\u00e1stico com parede dupla, produzido com fibra de trigo e pl\u00e1stico, com capacidade de 300ml, al\u00e7a para transporte e tampa rosque\u00e1vel.<\/p>\n<p>Quantidade m\u00ednima de 50 unidades.<\/p>\n","protected":false},"featured_media":10851,"template":"","meta":[],"product_brand":[],"product_cat":[251],"product_tag":[],"class_list":{"0":"post-10850","1":"product","2":"type-product","3":"status-publish","4":"has-post-thumbnail","6":"product_cat-plastica-canecas-copos-garrafas","8":"first","9":"instock","10":"shipping-taxable","11":"product-type-simple"},"_links":{"self":[{"href":"https:\/\/promoalge.com.br\/index.php?rest_route=\/wp\/v2\/product\/10850","targetHints":{"allow":["GET"]}}],"collection":[{"href":"https:\/\/promoalge.com.br\/index.php?rest_route=\/wp\/v2\/product"}],"about":[{"href":"https:\/\/promoalge.com.br\/index.php?rest_route=\/wp\/v2\/types\/product"}],"wp:featuredmedia":[{"embeddable":true,"href":"https:\/\/promoalge.com.br\/index.php?rest_route=\/wp\/v2\/media\/10851"}],"wp:attachment":[{"href":"https:\/\/promoalge.com.br\/index.php?rest_route=%2Fwp%2Fv2%2Fmedia&parent=10850"}],"wp:term":[{"taxonomy":"product_brand","embeddable":true,"href":"https:\/\/promoalge.com.br\/index.php?rest_route=%2Fwp%2Fv2%2Fproduct_brand&post=10850"},{"taxonomy":"product_cat","embeddable":true,"href":"https:\/\/promoalge.com.br\/index.php?rest_route=%2Fwp%2Fv2%2Fproduct_cat&post=10850"},{"taxonomy":"product_tag","embeddable":true,"href":"https:\/\/promoalge.com.br\/index.php?rest_route=%2Fwp%2Fv2%2Fproduct_tag&post=10850"}],"curies":[{"name":"wp","href":"https:\/\/api.w.org\/{rel}","templated":true}]}}