{"id":10856,"date":"2025-07-31T15:53:08","date_gmt":"2025-07-31T18:53:08","guid":{"rendered":"https:\/\/promoalge.com.br\/?post_type=product&#038;p=10856"},"modified":"2025-07-31T15:56:32","modified_gmt":"2025-07-31T18:56:32","slug":"copo-plastico-em-rpet-pr-co024","status":"publish","type":"product","link":"https:\/\/promoalge.com.br\/?product=copo-plastico-em-rpet-pr-co024","title":{"rendered":"Copo Pl\u00e1stico em RPET &#8211; PR CO024"},"content":{"rendered":"","protected":false},"excerpt":{"rendered":"<p>Copo pl\u00e1stico produzido em Pl\u00e1stico RPET, permitindo ir ao microondas, com capacidade de 400ml, tampa rosque\u00e1vel.<\/p>\n<p>* A temperatura interna do microondas n\u00e3o pode ser superior a 120 graus.<\/p>\n<p>Quantidade m\u00ednima de 50 unidades.<\/p>\n","protected":false},"featured_media":10857,"template":"","meta":[],"product_brand":[],"product_cat":[251],"product_tag":[],"class_list":{"0":"post-10856","1":"product","2":"type-product","3":"status-publish","4":"has-post-thumbnail","6":"product_cat-plastica-canecas-copos-garrafas","8":"first","9":"instock","10":"shipping-taxable","11":"product-type-simple"},"_links":{"self":[{"href":"https:\/\/promoalge.com.br\/index.php?rest_route=\/wp\/v2\/product\/10856","targetHints":{"allow":["GET"]}}],"collection":[{"href":"https:\/\/promoalge.com.br\/index.php?rest_route=\/wp\/v2\/product"}],"about":[{"href":"https:\/\/promoalge.com.br\/index.php?rest_route=\/wp\/v2\/types\/product"}],"wp:featuredmedia":[{"embeddable":true,"href":"https:\/\/promoalge.com.br\/index.php?rest_route=\/wp\/v2\/media\/10857"}],"wp:attachment":[{"href":"https:\/\/promoalge.com.br\/index.php?rest_route=%2Fwp%2Fv2%2Fmedia&parent=10856"}],"wp:term":[{"taxonomy":"product_brand","embeddable":true,"href":"https:\/\/promoalge.com.br\/index.php?rest_route=%2Fwp%2Fv2%2Fproduct_brand&post=10856"},{"taxonomy":"product_cat","embeddable":true,"href":"https:\/\/promoalge.com.br\/index.php?rest_route=%2Fwp%2Fv2%2Fproduct_cat&post=10856"},{"taxonomy":"product_tag","embeddable":true,"href":"https:\/\/promoalge.com.br\/index.php?rest_route=%2Fwp%2Fv2%2Fproduct_tag&post=10856"}],"curies":[{"name":"wp","href":"https:\/\/api.w.org\/{rel}","templated":true}]}}