{"id":10976,"date":"2025-08-14T13:31:43","date_gmt":"2025-08-14T16:31:43","guid":{"rendered":"https:\/\/promoalge.com.br\/?post_type=product&#038;p=10976"},"modified":"2025-08-14T13:31:44","modified_gmt":"2025-08-14T16:31:44","slug":"garrafa-coqueteleira-pr-ga5010","status":"publish","type":"product","link":"https:\/\/promoalge.com.br\/?product=garrafa-coqueteleira-pr-ga5010","title":{"rendered":"Garrafa Coqueteleira &#8211; PR GA5010"},"content":{"rendered":"","protected":false},"excerpt":{"rendered":"<p>Garrafa coqueteleira em a\u00e7o inox para prote\u00edna com capacidade da garrafa de at\u00e9 750ml e copo com capacidade de 200ml, acompanha mola para mistura e medidor gavado na parede da garrafa.<\/p>\n<p>Quantidade m\u00ednima de 50 unidades.<\/p>\n","protected":false},"featured_media":10977,"template":"","meta":[],"product_brand":[],"product_cat":[237],"product_tag":[],"class_list":{"0":"post-10976","1":"product","2":"type-product","3":"status-publish","4":"has-post-thumbnail","6":"product_cat-metalicas","8":"first","9":"instock","10":"shipping-taxable","11":"product-type-simple"},"_links":{"self":[{"href":"https:\/\/promoalge.com.br\/index.php?rest_route=\/wp\/v2\/product\/10976","targetHints":{"allow":["GET"]}}],"collection":[{"href":"https:\/\/promoalge.com.br\/index.php?rest_route=\/wp\/v2\/product"}],"about":[{"href":"https:\/\/promoalge.com.br\/index.php?rest_route=\/wp\/v2\/types\/product"}],"wp:featuredmedia":[{"embeddable":true,"href":"https:\/\/promoalge.com.br\/index.php?rest_route=\/wp\/v2\/media\/10977"}],"wp:attachment":[{"href":"https:\/\/promoalge.com.br\/index.php?rest_route=%2Fwp%2Fv2%2Fmedia&parent=10976"}],"wp:term":[{"taxonomy":"product_brand","embeddable":true,"href":"https:\/\/promoalge.com.br\/index.php?rest_route=%2Fwp%2Fv2%2Fproduct_brand&post=10976"},{"taxonomy":"product_cat","embeddable":true,"href":"https:\/\/promoalge.com.br\/index.php?rest_route=%2Fwp%2Fv2%2Fproduct_cat&post=10976"},{"taxonomy":"product_tag","embeddable":true,"href":"https:\/\/promoalge.com.br\/index.php?rest_route=%2Fwp%2Fv2%2Fproduct_tag&post=10976"}],"curies":[{"name":"wp","href":"https:\/\/api.w.org\/{rel}","templated":true}]}}