{"id":10986,"date":"2025-08-14T14:05:40","date_gmt":"2025-08-14T17:05:40","guid":{"rendered":"https:\/\/promoalge.com.br\/?post_type=product&#038;p=10986"},"modified":"2025-08-14T14:05:41","modified_gmt":"2025-08-14T17:05:41","slug":"garrafa-plastica-pr-ga5900","status":"publish","type":"product","link":"https:\/\/promoalge.com.br\/?product=garrafa-plastica-pr-ga5900","title":{"rendered":"Garrafa Pl\u00e1stica &#8211; PR GA5900"},"content":{"rendered":"","protected":false},"excerpt":{"rendered":"<p>Garrafa pl\u00e1stica com capacidade de 1.500ml. Al\u00e7a de m\u00e3o pl\u00e1stica, tampa pl\u00e1stica com anel de silicone para veda\u00e7\u00e3o e bico rosque\u00e1vel.<\/p>\n<p>Quantidade m\u00ednima de 50 unidades.<\/p>\n","protected":false},"featured_media":10987,"template":"","meta":[],"product_brand":[],"product_cat":[251],"product_tag":[],"class_list":{"0":"post-10986","1":"product","2":"type-product","3":"status-publish","4":"has-post-thumbnail","6":"product_cat-plastica-canecas-copos-garrafas","8":"first","9":"instock","10":"shipping-taxable","11":"product-type-simple"},"_links":{"self":[{"href":"https:\/\/promoalge.com.br\/index.php?rest_route=\/wp\/v2\/product\/10986","targetHints":{"allow":["GET"]}}],"collection":[{"href":"https:\/\/promoalge.com.br\/index.php?rest_route=\/wp\/v2\/product"}],"about":[{"href":"https:\/\/promoalge.com.br\/index.php?rest_route=\/wp\/v2\/types\/product"}],"wp:featuredmedia":[{"embeddable":true,"href":"https:\/\/promoalge.com.br\/index.php?rest_route=\/wp\/v2\/media\/10987"}],"wp:attachment":[{"href":"https:\/\/promoalge.com.br\/index.php?rest_route=%2Fwp%2Fv2%2Fmedia&parent=10986"}],"wp:term":[{"taxonomy":"product_brand","embeddable":true,"href":"https:\/\/promoalge.com.br\/index.php?rest_route=%2Fwp%2Fv2%2Fproduct_brand&post=10986"},{"taxonomy":"product_cat","embeddable":true,"href":"https:\/\/promoalge.com.br\/index.php?rest_route=%2Fwp%2Fv2%2Fproduct_cat&post=10986"},{"taxonomy":"product_tag","embeddable":true,"href":"https:\/\/promoalge.com.br\/index.php?rest_route=%2Fwp%2Fv2%2Fproduct_tag&post=10986"}],"curies":[{"name":"wp","href":"https:\/\/api.w.org\/{rel}","templated":true}]}}