{"id":11019,"date":"2025-08-14T17:11:11","date_gmt":"2025-08-14T20:11:11","guid":{"rendered":"https:\/\/promoalge.com.br\/?post_type=product&#038;p=11019"},"modified":"2025-08-14T17:11:12","modified_gmt":"2025-08-14T20:11:12","slug":"chaveiro-pr-ch0510","status":"publish","type":"product","link":"https:\/\/promoalge.com.br\/?product=chaveiro-pr-ch0510","title":{"rendered":"Chaveiro &#8211; PR CH0510"},"content":{"rendered":"","protected":false},"excerpt":{"rendered":"<p>Chaveiro de metal com couro sint\u00e9tico preto com 2 argolas + caixa com ber\u00e7o aveludado. Engate r\u00e1pido para uma argola. \u00c1rea dispon\u00edvel para grava\u00e7\u00e3o em a\u00e7o escovado.<\/p>\n<p>Quantidade m\u00ednima de 50 unidades.<\/p>\n","protected":false},"featured_media":11020,"template":"","meta":[],"product_brand":[],"product_cat":[406],"product_tag":[],"class_list":{"0":"post-11019","1":"product","2":"type-product","3":"status-publish","4":"has-post-thumbnail","6":"product_cat-chaveiros","8":"first","9":"instock","10":"shipping-taxable","11":"product-type-simple"},"_links":{"self":[{"href":"https:\/\/promoalge.com.br\/index.php?rest_route=\/wp\/v2\/product\/11019","targetHints":{"allow":["GET"]}}],"collection":[{"href":"https:\/\/promoalge.com.br\/index.php?rest_route=\/wp\/v2\/product"}],"about":[{"href":"https:\/\/promoalge.com.br\/index.php?rest_route=\/wp\/v2\/types\/product"}],"wp:featuredmedia":[{"embeddable":true,"href":"https:\/\/promoalge.com.br\/index.php?rest_route=\/wp\/v2\/media\/11020"}],"wp:attachment":[{"href":"https:\/\/promoalge.com.br\/index.php?rest_route=%2Fwp%2Fv2%2Fmedia&parent=11019"}],"wp:term":[{"taxonomy":"product_brand","embeddable":true,"href":"https:\/\/promoalge.com.br\/index.php?rest_route=%2Fwp%2Fv2%2Fproduct_brand&post=11019"},{"taxonomy":"product_cat","embeddable":true,"href":"https:\/\/promoalge.com.br\/index.php?rest_route=%2Fwp%2Fv2%2Fproduct_cat&post=11019"},{"taxonomy":"product_tag","embeddable":true,"href":"https:\/\/promoalge.com.br\/index.php?rest_route=%2Fwp%2Fv2%2Fproduct_tag&post=11019"}],"curies":[{"name":"wp","href":"https:\/\/api.w.org\/{rel}","templated":true}]}}