{"id":11390,"date":"2025-10-28T14:08:39","date_gmt":"2025-10-28T17:08:39","guid":{"rendered":"https:\/\/promoalge.com.br\/?post_type=product&#038;p=11390"},"modified":"2025-10-28T14:08:39","modified_gmt":"2025-10-28T17:08:39","slug":"almofada-de-pescoco-pr-09184","status":"publish","type":"product","link":"https:\/\/promoalge.com.br\/?product=almofada-de-pescoco-pr-09184","title":{"rendered":"Almofada de Pesco\u00e7o &#8211; PR 09184"},"content":{"rendered":"","protected":false},"excerpt":{"rendered":"<p>Descri\u00e7\u00e3o: Almofada de pesco\u00e7o com design anat\u00f4mico, enchimento em espuma viscoel\u00e1stica macia em poliuretano e capa em poli\u00e9ster. Possui al\u00e7as ajust\u00e1veis em nylon e fechamento com engate pl\u00e1stico.<\/p>\n<p>Altura :  9,5 cm<\/p>\n<p>Largura :  21cm<\/p>\n<p>Comprimento :  21cm<\/p>\n<p>Quantidade minima de 50 unidades.<\/p>\n","protected":false},"featured_media":11391,"template":"","meta":[],"product_brand":[],"product_cat":[353],"product_tag":[],"class_list":{"0":"post-11390","1":"product","2":"type-product","3":"status-publish","4":"has-post-thumbnail","6":"product_cat-diversos","8":"first","9":"instock","10":"shipping-taxable","11":"product-type-simple"},"_links":{"self":[{"href":"https:\/\/promoalge.com.br\/index.php?rest_route=\/wp\/v2\/product\/11390","targetHints":{"allow":["GET"]}}],"collection":[{"href":"https:\/\/promoalge.com.br\/index.php?rest_route=\/wp\/v2\/product"}],"about":[{"href":"https:\/\/promoalge.com.br\/index.php?rest_route=\/wp\/v2\/types\/product"}],"wp:featuredmedia":[{"embeddable":true,"href":"https:\/\/promoalge.com.br\/index.php?rest_route=\/wp\/v2\/media\/11391"}],"wp:attachment":[{"href":"https:\/\/promoalge.com.br\/index.php?rest_route=%2Fwp%2Fv2%2Fmedia&parent=11390"}],"wp:term":[{"taxonomy":"product_brand","embeddable":true,"href":"https:\/\/promoalge.com.br\/index.php?rest_route=%2Fwp%2Fv2%2Fproduct_brand&post=11390"},{"taxonomy":"product_cat","embeddable":true,"href":"https:\/\/promoalge.com.br\/index.php?rest_route=%2Fwp%2Fv2%2Fproduct_cat&post=11390"},{"taxonomy":"product_tag","embeddable":true,"href":"https:\/\/promoalge.com.br\/index.php?rest_route=%2Fwp%2Fv2%2Fproduct_tag&post=11390"}],"curies":[{"name":"wp","href":"https:\/\/api.w.org\/{rel}","templated":true}]}}