{"id":11461,"date":"2025-10-28T17:10:30","date_gmt":"2025-10-28T20:10:30","guid":{"rendered":"https:\/\/promoalge.com.br\/?post_type=product&#038;p=11461"},"modified":"2025-10-28T17:10:30","modified_gmt":"2025-10-28T20:10:30","slug":"caderno-de-papelao-com-caneta-pr-15364","status":"publish","type":"product","link":"https:\/\/promoalge.com.br\/?product=caderno-de-papelao-com-caneta-pr-15364","title":{"rendered":"Caderno de Papel\u00e3o com Caneta &#8211; PR 15364"},"content":{"rendered":"","protected":false},"excerpt":{"rendered":"<p>Descri\u00e7\u00e3o: Caderno de capa dura em papel\u00e3o com encaderna\u00e7\u00e3o Wire-O e porta-canetas em el\u00e1stico. Possui cerca de 70 folhas sem pauta, al\u00e9m de 25 folhas autoadesivas amarelas e quatro blocos de marcadores de p\u00e1gina coloridos, com cerca de 25 unidades cada. Acompanha caneta esferogr\u00e1fica com carga azul de 1.0mm, acionamento por clique, corpo em papel\u00e3o e demais componentes em pl\u00e1stico.<\/p>\n<p>Largura :  11,1 cm<\/p>\n<p>Espessura :  1,2 cm<\/p>\n<p>Comprimento :  14,8 cm<\/p>\n<p>Quantidade minima de 50 unidades.<\/p>\n","protected":false},"featured_media":11462,"template":"","meta":[],"product_brand":[],"product_cat":[409],"product_tag":[],"class_list":{"0":"post-11461","1":"product","2":"type-product","3":"status-publish","4":"has-post-thumbnail","6":"product_cat-escritorio","8":"first","9":"instock","10":"shipping-taxable","11":"product-type-simple"},"_links":{"self":[{"href":"https:\/\/promoalge.com.br\/index.php?rest_route=\/wp\/v2\/product\/11461","targetHints":{"allow":["GET"]}}],"collection":[{"href":"https:\/\/promoalge.com.br\/index.php?rest_route=\/wp\/v2\/product"}],"about":[{"href":"https:\/\/promoalge.com.br\/index.php?rest_route=\/wp\/v2\/types\/product"}],"wp:featuredmedia":[{"embeddable":true,"href":"https:\/\/promoalge.com.br\/index.php?rest_route=\/wp\/v2\/media\/11462"}],"wp:attachment":[{"href":"https:\/\/promoalge.com.br\/index.php?rest_route=%2Fwp%2Fv2%2Fmedia&parent=11461"}],"wp:term":[{"taxonomy":"product_brand","embeddable":true,"href":"https:\/\/promoalge.com.br\/index.php?rest_route=%2Fwp%2Fv2%2Fproduct_brand&post=11461"},{"taxonomy":"product_cat","embeddable":true,"href":"https:\/\/promoalge.com.br\/index.php?rest_route=%2Fwp%2Fv2%2Fproduct_cat&post=11461"},{"taxonomy":"product_tag","embeddable":true,"href":"https:\/\/promoalge.com.br\/index.php?rest_route=%2Fwp%2Fv2%2Fproduct_tag&post=11461"}],"curies":[{"name":"wp","href":"https:\/\/api.w.org\/{rel}","templated":true}]}}