{"id":11502,"date":"2025-10-30T15:32:09","date_gmt":"2025-10-30T18:32:09","guid":{"rendered":"https:\/\/promoalge.com.br\/?post_type=product&#038;p=11502"},"modified":"2025-10-30T15:32:09","modified_gmt":"2025-10-30T18:32:09","slug":"agenda-couro-sintetico-2026-pr-06028","status":"publish","type":"product","link":"https:\/\/promoalge.com.br\/?product=agenda-couro-sintetico-2026-pr-06028","title":{"rendered":"Agenda Couro Sint\u00e9tico 2026 &#8211; PR 06028"},"content":{"rendered":"","protected":false},"excerpt":{"rendered":"<p>Descri\u00e7\u00e3o: Agenda 2026 de couro sint\u00e9tico com abas mensais e marcador de p\u00e1gina em cetim. Cont\u00e9m folhas para dados pessoais, calend\u00e1rios 2026 \u00e0 2028, planejamento 2026, DDI, p\u00e1gina de convers\u00f5es e p\u00e1ginas de contatos.<\/p>\n<p>Largura :  14,5 cm<\/p>\n<p>Espessura :  1,7 cm<\/p>\n<p>Comprimento :  20,9 cm<\/p>\n<p>Quantidade minima de 50 unidades.<\/p>\n","protected":false},"featured_media":11503,"template":"","meta":[],"product_brand":[],"product_cat":[409],"product_tag":[],"class_list":{"0":"post-11502","1":"product","2":"type-product","3":"status-publish","4":"has-post-thumbnail","6":"product_cat-escritorio","8":"first","9":"instock","10":"shipping-taxable","11":"product-type-simple"},"_links":{"self":[{"href":"https:\/\/promoalge.com.br\/index.php?rest_route=\/wp\/v2\/product\/11502","targetHints":{"allow":["GET"]}}],"collection":[{"href":"https:\/\/promoalge.com.br\/index.php?rest_route=\/wp\/v2\/product"}],"about":[{"href":"https:\/\/promoalge.com.br\/index.php?rest_route=\/wp\/v2\/types\/product"}],"wp:featuredmedia":[{"embeddable":true,"href":"https:\/\/promoalge.com.br\/index.php?rest_route=\/wp\/v2\/media\/11503"}],"wp:attachment":[{"href":"https:\/\/promoalge.com.br\/index.php?rest_route=%2Fwp%2Fv2%2Fmedia&parent=11502"}],"wp:term":[{"taxonomy":"product_brand","embeddable":true,"href":"https:\/\/promoalge.com.br\/index.php?rest_route=%2Fwp%2Fv2%2Fproduct_brand&post=11502"},{"taxonomy":"product_cat","embeddable":true,"href":"https:\/\/promoalge.com.br\/index.php?rest_route=%2Fwp%2Fv2%2Fproduct_cat&post=11502"},{"taxonomy":"product_tag","embeddable":true,"href":"https:\/\/promoalge.com.br\/index.php?rest_route=%2Fwp%2Fv2%2Fproduct_tag&post=11502"}],"curies":[{"name":"wp","href":"https:\/\/api.w.org\/{rel}","templated":true}]}}