{"id":11544,"date":"2025-11-04T14:37:27","date_gmt":"2025-11-04T17:37:27","guid":{"rendered":"https:\/\/promoalge.com.br\/?post_type=product&#038;p=11544"},"modified":"2025-11-04T14:37:27","modified_gmt":"2025-11-04T17:37:27","slug":"kit-vinho-5-pecas-pr-09030","status":"publish","type":"product","link":"https:\/\/promoalge.com.br\/?product=kit-vinho-5-pecas-pr-09030","title":{"rendered":"Kit Vinho 5 Pe\u00e7as &#8211; PR 09030"},"content":{"rendered":"","protected":false},"excerpt":{"rendered":"<p>Descri\u00e7\u00e3o: Kit vinho com cinco pe\u00e7as dispostas em um estojo no formato de garrafa, fechamento imantado e interior com ber\u00e7o em espuma. O conjunto cont\u00e9m: tampa de bico, bico condutor com tampa, saca-rolhas met\u00e1lico tr\u00eas em um com l\u00e2mina de corte e abridor de garrafa, um wine collar e cortador de lacre.<\/p>\n<p>Altura :  32 cm<\/p>\n<p>Largura :  8,3 cm<\/p>\n<p>Circunfer\u00eancia :  26,5 cm<\/p>\n<p>Quantidade minima de 50 unidades.<\/p>\n","protected":false},"featured_media":11545,"template":"","meta":[],"product_brand":[],"product_cat":[49],"product_tag":[],"class_list":{"0":"post-11544","1":"product","2":"type-product","3":"status-publish","4":"has-post-thumbnail","6":"product_cat-bar-queijo-vinhos","8":"first","9":"instock","10":"shipping-taxable","11":"product-type-simple"},"_links":{"self":[{"href":"https:\/\/promoalge.com.br\/index.php?rest_route=\/wp\/v2\/product\/11544","targetHints":{"allow":["GET"]}}],"collection":[{"href":"https:\/\/promoalge.com.br\/index.php?rest_route=\/wp\/v2\/product"}],"about":[{"href":"https:\/\/promoalge.com.br\/index.php?rest_route=\/wp\/v2\/types\/product"}],"wp:featuredmedia":[{"embeddable":true,"href":"https:\/\/promoalge.com.br\/index.php?rest_route=\/wp\/v2\/media\/11545"}],"wp:attachment":[{"href":"https:\/\/promoalge.com.br\/index.php?rest_route=%2Fwp%2Fv2%2Fmedia&parent=11544"}],"wp:term":[{"taxonomy":"product_brand","embeddable":true,"href":"https:\/\/promoalge.com.br\/index.php?rest_route=%2Fwp%2Fv2%2Fproduct_brand&post=11544"},{"taxonomy":"product_cat","embeddable":true,"href":"https:\/\/promoalge.com.br\/index.php?rest_route=%2Fwp%2Fv2%2Fproduct_cat&post=11544"},{"taxonomy":"product_tag","embeddable":true,"href":"https:\/\/promoalge.com.br\/index.php?rest_route=%2Fwp%2Fv2%2Fproduct_tag&post=11544"}],"curies":[{"name":"wp","href":"https:\/\/api.w.org\/{rel}","templated":true}]}}