{"id":1157,"date":"2018-08-20T13:38:24","date_gmt":"2018-08-20T16:38:24","guid":{"rendered":"http:\/\/promoalge.com.br\/?post_type=product&#038;p=1157"},"modified":"2018-08-20T13:38:25","modified_gmt":"2018-08-20T16:38:25","slug":"chaveiro-metalico-pr1521","status":"publish","type":"product","link":"https:\/\/promoalge.com.br\/?product=chaveiro-metalico-pr1521","title":{"rendered":"Chaveiro Met\u00e1lico &#8211; PR1521"},"content":{"rendered":"","protected":false},"excerpt":{"rendered":"<p>Chaveiro metal redondo com 3 argolas e mosquet\u00e3o(sem trava). Parte central com chapa inox ideal para personaliza\u00e7\u00e3o, verso brilhante liso, medidas 8,8 cm x 5,9 cm. Grava\u00e7\u00e3o a laser.<\/p>\n","protected":false},"featured_media":1160,"template":"","meta":[],"product_brand":[],"product_cat":[406],"product_tag":[],"class_list":{"0":"post-1157","1":"product","2":"type-product","3":"status-publish","4":"has-post-thumbnail","6":"product_cat-chaveiros","8":"first","9":"instock","10":"shipping-taxable","11":"product-type-simple"},"_links":{"self":[{"href":"https:\/\/promoalge.com.br\/index.php?rest_route=\/wp\/v2\/product\/1157","targetHints":{"allow":["GET"]}}],"collection":[{"href":"https:\/\/promoalge.com.br\/index.php?rest_route=\/wp\/v2\/product"}],"about":[{"href":"https:\/\/promoalge.com.br\/index.php?rest_route=\/wp\/v2\/types\/product"}],"wp:featuredmedia":[{"embeddable":true,"href":"https:\/\/promoalge.com.br\/index.php?rest_route=\/wp\/v2\/media\/1160"}],"wp:attachment":[{"href":"https:\/\/promoalge.com.br\/index.php?rest_route=%2Fwp%2Fv2%2Fmedia&parent=1157"}],"wp:term":[{"taxonomy":"product_brand","embeddable":true,"href":"https:\/\/promoalge.com.br\/index.php?rest_route=%2Fwp%2Fv2%2Fproduct_brand&post=1157"},{"taxonomy":"product_cat","embeddable":true,"href":"https:\/\/promoalge.com.br\/index.php?rest_route=%2Fwp%2Fv2%2Fproduct_cat&post=1157"},{"taxonomy":"product_tag","embeddable":true,"href":"https:\/\/promoalge.com.br\/index.php?rest_route=%2Fwp%2Fv2%2Fproduct_tag&post=1157"}],"curies":[{"name":"wp","href":"https:\/\/api.w.org\/{rel}","templated":true}]}}