{"id":11613,"date":"2025-11-06T14:39:58","date_gmt":"2025-11-06T17:39:58","guid":{"rendered":"https:\/\/promoalge.com.br\/?post_type=product&#038;p=11613"},"modified":"2025-11-06T14:39:59","modified_gmt":"2025-11-06T17:39:59","slug":"calendario-permanente-de-mesa-disco-pr-15342","status":"publish","type":"product","link":"https:\/\/promoalge.com.br\/?product=calendario-permanente-de-mesa-disco-pr-15342","title":{"rendered":"Calend\u00e1rio Permanente de Mesa Disco &#8211; PR 15342"},"content":{"rendered":"","protected":false},"excerpt":{"rendered":"<p>Descri\u00e7\u00e3o: Calend\u00e1rio permanente de mesa com base em percalux e encaderna\u00e7\u00e3o em discos pl\u00e1sticos reposicion\u00e1veis. Inclui fichas para marca\u00e7\u00e3o dos dias do m\u00eas em n\u00fameros, do dia da semana em texto e do m\u00eas tamb\u00e9m em texto, al\u00e9m de um bloco de anota\u00e7\u00f5es com cerca de 30 folhas brancas pautadas.<\/p>\n<p>Altura :  13,8 cm<\/p>\n<p>Profundidade :  8,7 cm<\/p>\n<p>Comprimento :  25 cm<\/p>\n<p>Quantidade minima de 50 unidades.<\/p>\n","protected":false},"featured_media":11614,"template":"","meta":[],"product_brand":[],"product_cat":[353],"product_tag":[],"class_list":{"0":"post-11613","1":"product","2":"type-product","3":"status-publish","4":"has-post-thumbnail","6":"product_cat-diversos","8":"first","9":"instock","10":"shipping-taxable","11":"product-type-simple"},"_links":{"self":[{"href":"https:\/\/promoalge.com.br\/index.php?rest_route=\/wp\/v2\/product\/11613","targetHints":{"allow":["GET"]}}],"collection":[{"href":"https:\/\/promoalge.com.br\/index.php?rest_route=\/wp\/v2\/product"}],"about":[{"href":"https:\/\/promoalge.com.br\/index.php?rest_route=\/wp\/v2\/types\/product"}],"wp:featuredmedia":[{"embeddable":true,"href":"https:\/\/promoalge.com.br\/index.php?rest_route=\/wp\/v2\/media\/11614"}],"wp:attachment":[{"href":"https:\/\/promoalge.com.br\/index.php?rest_route=%2Fwp%2Fv2%2Fmedia&parent=11613"}],"wp:term":[{"taxonomy":"product_brand","embeddable":true,"href":"https:\/\/promoalge.com.br\/index.php?rest_route=%2Fwp%2Fv2%2Fproduct_brand&post=11613"},{"taxonomy":"product_cat","embeddable":true,"href":"https:\/\/promoalge.com.br\/index.php?rest_route=%2Fwp%2Fv2%2Fproduct_cat&post=11613"},{"taxonomy":"product_tag","embeddable":true,"href":"https:\/\/promoalge.com.br\/index.php?rest_route=%2Fwp%2Fv2%2Fproduct_tag&post=11613"}],"curies":[{"name":"wp","href":"https:\/\/api.w.org\/{rel}","templated":true}]}}