{"id":11690,"date":"2025-11-13T17:55:55","date_gmt":"2025-11-13T20:55:55","guid":{"rendered":"https:\/\/promoalge.com.br\/?post_type=product&#038;p=11690"},"modified":"2025-11-13T17:55:55","modified_gmt":"2025-11-13T20:55:55","slug":"caneta-metal-pr-09057","status":"publish","type":"product","link":"https:\/\/promoalge.com.br\/?product=caneta-metal-pr-09057","title":{"rendered":"Caneta Metal &#8211; PR 09057"},"content":{"rendered":"","protected":false},"excerpt":{"rendered":"<p>Descri\u00e7\u00e3o: Caneta esferogr\u00e1fica de carga azul de 1.0mm com acionamento por rota\u00e7\u00e3o e constru\u00e7\u00e3o totalmente em metal, que proporciona uma pegada confort\u00e1vel para uma escrita mais precisa.<br \/>\nw<br \/>\nLargura :  1,5 cm<\/p>\n<p>Comprimento :  13,5 cm<\/p>\n<p>Quantidade m\u00ednima de 50 unidades<\/p>\n","protected":false},"featured_media":11691,"template":"","meta":[],"product_brand":[],"product_cat":[346],"product_tag":[],"class_list":{"0":"post-11690","1":"product","2":"type-product","3":"status-publish","4":"has-post-thumbnail","6":"product_cat-canetas-metalicas","8":"first","9":"instock","10":"shipping-taxable","11":"product-type-simple"},"_links":{"self":[{"href":"https:\/\/promoalge.com.br\/index.php?rest_route=\/wp\/v2\/product\/11690","targetHints":{"allow":["GET"]}}],"collection":[{"href":"https:\/\/promoalge.com.br\/index.php?rest_route=\/wp\/v2\/product"}],"about":[{"href":"https:\/\/promoalge.com.br\/index.php?rest_route=\/wp\/v2\/types\/product"}],"wp:featuredmedia":[{"embeddable":true,"href":"https:\/\/promoalge.com.br\/index.php?rest_route=\/wp\/v2\/media\/11691"}],"wp:attachment":[{"href":"https:\/\/promoalge.com.br\/index.php?rest_route=%2Fwp%2Fv2%2Fmedia&parent=11690"}],"wp:term":[{"taxonomy":"product_brand","embeddable":true,"href":"https:\/\/promoalge.com.br\/index.php?rest_route=%2Fwp%2Fv2%2Fproduct_brand&post=11690"},{"taxonomy":"product_cat","embeddable":true,"href":"https:\/\/promoalge.com.br\/index.php?rest_route=%2Fwp%2Fv2%2Fproduct_cat&post=11690"},{"taxonomy":"product_tag","embeddable":true,"href":"https:\/\/promoalge.com.br\/index.php?rest_route=%2Fwp%2Fv2%2Fproduct_tag&post=11690"}],"curies":[{"name":"wp","href":"https:\/\/api.w.org\/{rel}","templated":true}]}}