{"id":11919,"date":"2026-01-08T11:16:54","date_gmt":"2026-01-08T14:16:54","guid":{"rendered":"https:\/\/promoalge.com.br\/?post_type=product&#038;p=11919"},"modified":"2026-01-08T11:16:54","modified_gmt":"2026-01-08T14:16:54","slug":"squeeze-plastico-1l-pr-07030","status":"publish","type":"product","link":"https:\/\/promoalge.com.br\/?product=squeeze-plastico-1l-pr-07030","title":{"rendered":"Squeeze Pl\u00e1stico 1L &#8211; PR 07030"},"content":{"rendered":"","protected":false},"excerpt":{"rendered":"<p>Descri\u00e7\u00e3o: Squeeze pl\u00e1stico com capacidade de 1 litro, livre de BPA. Possui tampa rosque\u00e1vel com bico de canudo, tampa protetora, bot\u00e3o de acionamento e trava de seguran\u00e7a. Acompanha cord\u00e3o de nylon e canudo.<\/p>\n<p>Altura :  28,3 cm<\/p>\n<p>Largura :  7,8 cm<\/p>\n<p>Circunfer\u00eancia :  24,5 cmDescri\u00e7\u00e3o: Squeeze pl\u00e1stico com capacidade de 1 litro, livre de BPA. Possui tampa rosque\u00e1vel com bico de canudo, tampa protetora, bot\u00e3o de acionamento e trava de seguran\u00e7a. Acompanha cord\u00e3o de nylon e canudo.<\/p>\n<p>Altura :  28,3 cm<\/p>\n<p>Largura :  7,8 cm<\/p>\n<p>Circunfer\u00eancia :  24,5 cm<\/p>\n<p>Quantidade m\u00ednima de 50 unidades.<\/p>\n","protected":false},"featured_media":11920,"template":"","meta":[],"product_brand":[],"product_cat":[251],"product_tag":[],"class_list":{"0":"post-11919","1":"product","2":"type-product","3":"status-publish","4":"has-post-thumbnail","6":"product_cat-plastica-canecas-copos-garrafas","8":"first","9":"instock","10":"shipping-taxable","11":"product-type-simple"},"_links":{"self":[{"href":"https:\/\/promoalge.com.br\/index.php?rest_route=\/wp\/v2\/product\/11919","targetHints":{"allow":["GET"]}}],"collection":[{"href":"https:\/\/promoalge.com.br\/index.php?rest_route=\/wp\/v2\/product"}],"about":[{"href":"https:\/\/promoalge.com.br\/index.php?rest_route=\/wp\/v2\/types\/product"}],"wp:featuredmedia":[{"embeddable":true,"href":"https:\/\/promoalge.com.br\/index.php?rest_route=\/wp\/v2\/media\/11920"}],"wp:attachment":[{"href":"https:\/\/promoalge.com.br\/index.php?rest_route=%2Fwp%2Fv2%2Fmedia&parent=11919"}],"wp:term":[{"taxonomy":"product_brand","embeddable":true,"href":"https:\/\/promoalge.com.br\/index.php?rest_route=%2Fwp%2Fv2%2Fproduct_brand&post=11919"},{"taxonomy":"product_cat","embeddable":true,"href":"https:\/\/promoalge.com.br\/index.php?rest_route=%2Fwp%2Fv2%2Fproduct_cat&post=11919"},{"taxonomy":"product_tag","embeddable":true,"href":"https:\/\/promoalge.com.br\/index.php?rest_route=%2Fwp%2Fv2%2Fproduct_tag&post=11919"}],"curies":[{"name":"wp","href":"https:\/\/api.w.org\/{rel}","templated":true}]}}