{"id":11949,"date":"2026-01-13T13:06:42","date_gmt":"2026-01-13T16:06:42","guid":{"rendered":"https:\/\/promoalge.com.br\/?post_type=product&#038;p=11949"},"modified":"2026-01-13T13:06:42","modified_gmt":"2026-01-13T16:06:42","slug":"squeeze-plastico-1-litro-pr-18696","status":"publish","type":"product","link":"https:\/\/promoalge.com.br\/?product=squeeze-plastico-1-litro-pr-18696","title":{"rendered":"Squeeze Pl\u00e1stico 1 Litro &#8211; PR 18696"},"content":{"rendered":"","protected":false},"excerpt":{"rendered":"<p>Descri\u00e7\u00e3o: Squeeze pl\u00e1stico com capacidade para at\u00e9 1 litro. Possui tampa rosque\u00e1vel com protetor para bocal de acionamento autom\u00e1tico e trava de seguran\u00e7a, cesto infusor em pl\u00e1stico e uma al\u00e7a de nylon para transporte.<\/p>\n<p>Altura :  28,3 cm<\/p>\n<p>Largura :  7,7 cm<\/p>\n<p>Circunfer\u00eancia :  24,6 cm<\/p>\n<p>Quantidade minima de 50 unidades.<\/p>\n","protected":false},"featured_media":11950,"template":"","meta":[],"product_brand":[],"product_cat":[251],"product_tag":[],"class_list":{"0":"post-11949","1":"product","2":"type-product","3":"status-publish","4":"has-post-thumbnail","6":"product_cat-plastica-canecas-copos-garrafas","8":"first","9":"instock","10":"shipping-taxable","11":"product-type-simple"},"_links":{"self":[{"href":"https:\/\/promoalge.com.br\/index.php?rest_route=\/wp\/v2\/product\/11949","targetHints":{"allow":["GET"]}}],"collection":[{"href":"https:\/\/promoalge.com.br\/index.php?rest_route=\/wp\/v2\/product"}],"about":[{"href":"https:\/\/promoalge.com.br\/index.php?rest_route=\/wp\/v2\/types\/product"}],"wp:featuredmedia":[{"embeddable":true,"href":"https:\/\/promoalge.com.br\/index.php?rest_route=\/wp\/v2\/media\/11950"}],"wp:attachment":[{"href":"https:\/\/promoalge.com.br\/index.php?rest_route=%2Fwp%2Fv2%2Fmedia&parent=11949"}],"wp:term":[{"taxonomy":"product_brand","embeddable":true,"href":"https:\/\/promoalge.com.br\/index.php?rest_route=%2Fwp%2Fv2%2Fproduct_brand&post=11949"},{"taxonomy":"product_cat","embeddable":true,"href":"https:\/\/promoalge.com.br\/index.php?rest_route=%2Fwp%2Fv2%2Fproduct_cat&post=11949"},{"taxonomy":"product_tag","embeddable":true,"href":"https:\/\/promoalge.com.br\/index.php?rest_route=%2Fwp%2Fv2%2Fproduct_tag&post=11949"}],"curies":[{"name":"wp","href":"https:\/\/api.w.org\/{rel}","templated":true}]}}