{"id":11959,"date":"2026-01-13T13:28:12","date_gmt":"2026-01-13T16:28:12","guid":{"rendered":"https:\/\/promoalge.com.br\/?post_type=product&#038;p=11959"},"modified":"2026-01-13T13:28:12","modified_gmt":"2026-01-13T16:28:12","slug":"squeeze-inox-750ml-pr-18821","status":"publish","type":"product","link":"https:\/\/promoalge.com.br\/?product=squeeze-inox-750ml-pr-18821","title":{"rendered":"Squeeze Inox 750ml &#8211; PR 18821"},"content":{"rendered":"","protected":false},"excerpt":{"rendered":"<p>Descri\u00e7\u00e3o: Squeeze feito em inox com 750ml. Possui tampa pl\u00e1stica, bocal com tampa protetora e al\u00e7a para transporte. Este brinde ser\u00e1 o parceiro de atividades f\u00edsicas perfeito.<\/p>\n<p>Altura :  25,5 cm<\/p>\n<p>Largura :  8,7 cm<\/p>\n<p>Circunfer\u00eancia :  22,3 cm<\/p>\n<p>Quantidade minima de 50 unidades.<\/p>\n","protected":false},"featured_media":11960,"template":"","meta":[],"product_brand":[],"product_cat":[237],"product_tag":[],"class_list":{"0":"post-11959","1":"product","2":"type-product","3":"status-publish","4":"has-post-thumbnail","6":"product_cat-metalicas","8":"first","9":"instock","10":"shipping-taxable","11":"product-type-simple"},"_links":{"self":[{"href":"https:\/\/promoalge.com.br\/index.php?rest_route=\/wp\/v2\/product\/11959","targetHints":{"allow":["GET"]}}],"collection":[{"href":"https:\/\/promoalge.com.br\/index.php?rest_route=\/wp\/v2\/product"}],"about":[{"href":"https:\/\/promoalge.com.br\/index.php?rest_route=\/wp\/v2\/types\/product"}],"wp:featuredmedia":[{"embeddable":true,"href":"https:\/\/promoalge.com.br\/index.php?rest_route=\/wp\/v2\/media\/11960"}],"wp:attachment":[{"href":"https:\/\/promoalge.com.br\/index.php?rest_route=%2Fwp%2Fv2%2Fmedia&parent=11959"}],"wp:term":[{"taxonomy":"product_brand","embeddable":true,"href":"https:\/\/promoalge.com.br\/index.php?rest_route=%2Fwp%2Fv2%2Fproduct_brand&post=11959"},{"taxonomy":"product_cat","embeddable":true,"href":"https:\/\/promoalge.com.br\/index.php?rest_route=%2Fwp%2Fv2%2Fproduct_cat&post=11959"},{"taxonomy":"product_tag","embeddable":true,"href":"https:\/\/promoalge.com.br\/index.php?rest_route=%2Fwp%2Fv2%2Fproduct_tag&post=11959"}],"curies":[{"name":"wp","href":"https:\/\/api.w.org\/{rel}","templated":true}]}}