{"id":11978,"date":"2026-01-13T16:38:18","date_gmt":"2026-01-13T19:38:18","guid":{"rendered":"https:\/\/promoalge.com.br\/?post_type=product&#038;p=11978"},"modified":"2026-01-13T16:38:19","modified_gmt":"2026-01-13T19:38:19","slug":"garrafa-plastica-700ml-pr-02423","status":"publish","type":"product","link":"https:\/\/promoalge.com.br\/?product=garrafa-plastica-700ml-pr-02423","title":{"rendered":"Garrafa Pl\u00e1stica 700ml &#8211; PR 02423"},"content":{"rendered":"","protected":false},"excerpt":{"rendered":"<p>Descri\u00e7\u00e3o: Garrafa pl\u00e1stica livre de BPA e capacidade m\u00e1xima para 700ml. Possui tampa rosque\u00e1vel com al\u00e7a fixa para o transporte.<\/p>\n<p>Altura :  25,6 cm<\/p>\n<p>Largura :  6,8 cm<\/p>\n<p>Circunfer\u00eancia :  21,4 cm<\/p>\n<p>Quantidade minima de 50 unidades.<\/p>\n","protected":false},"featured_media":11979,"template":"","meta":[],"product_brand":[],"product_cat":[251],"product_tag":[],"class_list":{"0":"post-11978","1":"product","2":"type-product","3":"status-publish","4":"has-post-thumbnail","6":"product_cat-plastica-canecas-copos-garrafas","8":"first","9":"instock","10":"shipping-taxable","11":"product-type-simple"},"_links":{"self":[{"href":"https:\/\/promoalge.com.br\/index.php?rest_route=\/wp\/v2\/product\/11978","targetHints":{"allow":["GET"]}}],"collection":[{"href":"https:\/\/promoalge.com.br\/index.php?rest_route=\/wp\/v2\/product"}],"about":[{"href":"https:\/\/promoalge.com.br\/index.php?rest_route=\/wp\/v2\/types\/product"}],"wp:featuredmedia":[{"embeddable":true,"href":"https:\/\/promoalge.com.br\/index.php?rest_route=\/wp\/v2\/media\/11979"}],"wp:attachment":[{"href":"https:\/\/promoalge.com.br\/index.php?rest_route=%2Fwp%2Fv2%2Fmedia&parent=11978"}],"wp:term":[{"taxonomy":"product_brand","embeddable":true,"href":"https:\/\/promoalge.com.br\/index.php?rest_route=%2Fwp%2Fv2%2Fproduct_brand&post=11978"},{"taxonomy":"product_cat","embeddable":true,"href":"https:\/\/promoalge.com.br\/index.php?rest_route=%2Fwp%2Fv2%2Fproduct_cat&post=11978"},{"taxonomy":"product_tag","embeddable":true,"href":"https:\/\/promoalge.com.br\/index.php?rest_route=%2Fwp%2Fv2%2Fproduct_tag&post=11978"}],"curies":[{"name":"wp","href":"https:\/\/api.w.org\/{rel}","templated":true}]}}