{"id":12004,"date":"2026-01-15T13:27:37","date_gmt":"2026-01-15T16:27:37","guid":{"rendered":"https:\/\/promoalge.com.br\/?post_type=product&#038;p=12004"},"modified":"2026-01-15T13:27:37","modified_gmt":"2026-01-15T16:27:37","slug":"kit-necessaire-duas-pecas-pr-07077","status":"publish","type":"product","link":"https:\/\/promoalge.com.br\/?product=kit-necessaire-duas-pecas-pr-07077","title":{"rendered":"Kit N\u00e9cessaire Duas Pe\u00e7as &#8211; PR 07077"},"content":{"rendered":"","protected":false},"excerpt":{"rendered":"<p>Descri\u00e7\u00e3o: Conjunto de dois n\u00e9cessaires em tamanhos diferentes. O modelo maior \u00e9 confeccionado em PVC imperme\u00e1vel, traz detalhes em couro sint\u00e9tico, al\u00e7a lateral pr\u00e1tica e fechamento em z\u00edper. J\u00e1 o menor, produzido em PU imperme\u00e1vel, possui acabamento quadriculado e fechamento em z\u00edper.<\/p>\n<p>Altura :  N.1: 16 cm<\/p>\n<p>Largura :  N.1: 24 cm<\/p>\n<p>Profundidade :  N.1: 5 cm<\/p>\n<p>Quantidade minima de 50 unidades.<\/p>\n","protected":false},"featured_media":12005,"template":"","meta":[],"product_brand":[],"product_cat":[416],"product_tag":[],"class_list":{"0":"post-12004","1":"product","2":"type-product","3":"status-publish","4":"has-post-thumbnail","6":"product_cat-necessaire","8":"first","9":"instock","10":"shipping-taxable","11":"product-type-simple"},"_links":{"self":[{"href":"https:\/\/promoalge.com.br\/index.php?rest_route=\/wp\/v2\/product\/12004","targetHints":{"allow":["GET"]}}],"collection":[{"href":"https:\/\/promoalge.com.br\/index.php?rest_route=\/wp\/v2\/product"}],"about":[{"href":"https:\/\/promoalge.com.br\/index.php?rest_route=\/wp\/v2\/types\/product"}],"wp:featuredmedia":[{"embeddable":true,"href":"https:\/\/promoalge.com.br\/index.php?rest_route=\/wp\/v2\/media\/12005"}],"wp:attachment":[{"href":"https:\/\/promoalge.com.br\/index.php?rest_route=%2Fwp%2Fv2%2Fmedia&parent=12004"}],"wp:term":[{"taxonomy":"product_brand","embeddable":true,"href":"https:\/\/promoalge.com.br\/index.php?rest_route=%2Fwp%2Fv2%2Fproduct_brand&post=12004"},{"taxonomy":"product_cat","embeddable":true,"href":"https:\/\/promoalge.com.br\/index.php?rest_route=%2Fwp%2Fv2%2Fproduct_cat&post=12004"},{"taxonomy":"product_tag","embeddable":true,"href":"https:\/\/promoalge.com.br\/index.php?rest_route=%2Fwp%2Fv2%2Fproduct_tag&post=12004"}],"curies":[{"name":"wp","href":"https:\/\/api.w.org\/{rel}","templated":true}]}}