{"id":12040,"date":"2026-01-15T14:54:59","date_gmt":"2026-01-15T17:54:59","guid":{"rendered":"https:\/\/promoalge.com.br\/?post_type=product&#038;p=12040"},"modified":"2026-01-15T14:54:59","modified_gmt":"2026-01-15T17:54:59","slug":"necessaire-poliester-pr-08234","status":"publish","type":"product","link":"https:\/\/promoalge.com.br\/?product=necessaire-poliester-pr-08234","title":{"rendered":"N\u00e9cessaire Poli\u00e9ster &#8211; PR 08234"},"content":{"rendered":"","protected":false},"excerpt":{"rendered":"<p>Descri\u00e7\u00e3o: Nossa n\u00e9cessaire em poli\u00e9ster PVC \u00e9 ideal para quem valoriza organiza\u00e7\u00e3o e praticidade em um \u00fanico acess\u00f3rio. Resistente \u00e0 \u00e1gua, ela conta com tr\u00eas compartimentos: um espec\u00edfico para itens \u00famidos, como toalhas, outro maior com dois bolsos internos para manter seus pertences bem guardados, e um compartimento com lateral transparente, perfeito para visualizar rapidamente o que est\u00e1 dentro. Al\u00e9m disso, ela conta com tr\u00eas divis\u00f3rias internas, perfeitas para armazenar l\u00e1pis, escova de dentes, cremes e outros itens que desejar. Equipada com duas al\u00e7as, uma de m\u00e3o para f\u00e1cil transporte e outra ideal para pendurar chaveiros, oferece tamb\u00e9m uma etiqueta central para personaliza\u00e7\u00e3o, permitindo adicionar um toque mais exclusivo. Essa n\u00e9cessaire \u00e9 tudo o que o seu cliente precisa para manter tudo organizado, seja onde for.<\/p>\n<p>Altura :  14,5 cm<\/p>\n<p>Largura :  25 cm<\/p>\n<p>Profundidade :  10,9 cm<\/p>\n<p>Quantidade minima de 50 unidades.<\/p>\n","protected":false},"featured_media":12041,"template":"","meta":[],"product_brand":[],"product_cat":[416],"product_tag":[],"class_list":{"0":"post-12040","1":"product","2":"type-product","3":"status-publish","4":"has-post-thumbnail","6":"product_cat-necessaire","8":"first","9":"instock","10":"shipping-taxable","11":"product-type-simple"},"_links":{"self":[{"href":"https:\/\/promoalge.com.br\/index.php?rest_route=\/wp\/v2\/product\/12040","targetHints":{"allow":["GET"]}}],"collection":[{"href":"https:\/\/promoalge.com.br\/index.php?rest_route=\/wp\/v2\/product"}],"about":[{"href":"https:\/\/promoalge.com.br\/index.php?rest_route=\/wp\/v2\/types\/product"}],"wp:featuredmedia":[{"embeddable":true,"href":"https:\/\/promoalge.com.br\/index.php?rest_route=\/wp\/v2\/media\/12041"}],"wp:attachment":[{"href":"https:\/\/promoalge.com.br\/index.php?rest_route=%2Fwp%2Fv2%2Fmedia&parent=12040"}],"wp:term":[{"taxonomy":"product_brand","embeddable":true,"href":"https:\/\/promoalge.com.br\/index.php?rest_route=%2Fwp%2Fv2%2Fproduct_brand&post=12040"},{"taxonomy":"product_cat","embeddable":true,"href":"https:\/\/promoalge.com.br\/index.php?rest_route=%2Fwp%2Fv2%2Fproduct_cat&post=12040"},{"taxonomy":"product_tag","embeddable":true,"href":"https:\/\/promoalge.com.br\/index.php?rest_route=%2Fwp%2Fv2%2Fproduct_tag&post=12040"}],"curies":[{"name":"wp","href":"https:\/\/api.w.org\/{rel}","templated":true}]}}