{"id":12076,"date":"2026-01-20T13:45:01","date_gmt":"2026-01-20T16:45:01","guid":{"rendered":"https:\/\/promoalge.com.br\/?post_type=product&#038;p=12076"},"modified":"2026-01-20T13:45:01","modified_gmt":"2026-01-20T16:45:01","slug":"necessaire-pu-pr-p18674b","status":"publish","type":"product","link":"https:\/\/promoalge.com.br\/?product=necessaire-pu-pr-p18674b","title":{"rendered":"N\u00e9cessaire PU &#8211; PR P@18674B"},"content":{"rendered":"","protected":false},"excerpt":{"rendered":"<p>Descri\u00e7\u00e3o: N\u00e9cessaire em poliuretano (PU) imperme\u00e1vel, al\u00e7a de m\u00e3o e fechamento em z\u00edper. Possui divis\u00f3rias e el\u00e1stico interno na tampa para organizar itens de maquiagem, como l\u00e1pis e pinc\u00e9is.<\/p>\n<p>STATUS : Possui um registro escrito &#8220;love&#8221; na \u00e1rea frontal.<\/p>\n<p>Altura :  12,7 cm<\/p>\n<p>Largura :  21,5 cm<\/p>\n<p>Profundidade :  14 cm<\/p>\n<p>Quantidade minima de 50 unidades.<\/p>\n","protected":false},"featured_media":12077,"template":"","meta":[],"product_brand":[],"product_cat":[416],"product_tag":[],"class_list":{"0":"post-12076","1":"product","2":"type-product","3":"status-publish","4":"has-post-thumbnail","6":"product_cat-necessaire","8":"first","9":"instock","10":"shipping-taxable","11":"product-type-simple"},"_links":{"self":[{"href":"https:\/\/promoalge.com.br\/index.php?rest_route=\/wp\/v2\/product\/12076","targetHints":{"allow":["GET"]}}],"collection":[{"href":"https:\/\/promoalge.com.br\/index.php?rest_route=\/wp\/v2\/product"}],"about":[{"href":"https:\/\/promoalge.com.br\/index.php?rest_route=\/wp\/v2\/types\/product"}],"wp:featuredmedia":[{"embeddable":true,"href":"https:\/\/promoalge.com.br\/index.php?rest_route=\/wp\/v2\/media\/12077"}],"wp:attachment":[{"href":"https:\/\/promoalge.com.br\/index.php?rest_route=%2Fwp%2Fv2%2Fmedia&parent=12076"}],"wp:term":[{"taxonomy":"product_brand","embeddable":true,"href":"https:\/\/promoalge.com.br\/index.php?rest_route=%2Fwp%2Fv2%2Fproduct_brand&post=12076"},{"taxonomy":"product_cat","embeddable":true,"href":"https:\/\/promoalge.com.br\/index.php?rest_route=%2Fwp%2Fv2%2Fproduct_cat&post=12076"},{"taxonomy":"product_tag","embeddable":true,"href":"https:\/\/promoalge.com.br\/index.php?rest_route=%2Fwp%2Fv2%2Fproduct_tag&post=12076"}],"curies":[{"name":"wp","href":"https:\/\/api.w.org\/{rel}","templated":true}]}}