{"id":12165,"date":"2026-01-30T22:00:17","date_gmt":"2026-01-31T01:00:17","guid":{"rendered":"https:\/\/promoalge.com.br\/?post_type=product&#038;p=12165"},"modified":"2026-01-30T22:00:18","modified_gmt":"2026-01-31T01:00:18","slug":"necessaire-pr92715","status":"publish","type":"product","link":"https:\/\/promoalge.com.br\/?product=necessaire-pr92715","title":{"rendered":"Necessaire &#8211; PR92715"},"content":{"rendered":"","protected":false},"excerpt":{"rendered":"<p>Bolsa \/ Necessaire de cosm\u00e9ticos em microfibra com detalhe em sint\u00e9tico e z\u00edper duplo, medidas 180 x 120 x 100 mm. Grava\u00e7\u00e3o serigrafia em 1 cor no tag de sint\u00e9tico.<\/p>\n<ul>\n<li>M\u00ednimo 100 unidades.<\/li>\n<\/ul>\n","protected":false},"featured_media":12166,"template":"","meta":[],"product_brand":[],"product_cat":[413,416],"product_tag":[],"class_list":{"0":"post-12165","1":"product","2":"type-product","3":"status-publish","4":"has-post-thumbnail","6":"product_cat-linha-feminina","7":"product_cat-necessaire","9":"first","10":"instock","11":"shipping-taxable","12":"product-type-simple"},"_links":{"self":[{"href":"https:\/\/promoalge.com.br\/index.php?rest_route=\/wp\/v2\/product\/12165","targetHints":{"allow":["GET"]}}],"collection":[{"href":"https:\/\/promoalge.com.br\/index.php?rest_route=\/wp\/v2\/product"}],"about":[{"href":"https:\/\/promoalge.com.br\/index.php?rest_route=\/wp\/v2\/types\/product"}],"wp:featuredmedia":[{"embeddable":true,"href":"https:\/\/promoalge.com.br\/index.php?rest_route=\/wp\/v2\/media\/12166"}],"wp:attachment":[{"href":"https:\/\/promoalge.com.br\/index.php?rest_route=%2Fwp%2Fv2%2Fmedia&parent=12165"}],"wp:term":[{"taxonomy":"product_brand","embeddable":true,"href":"https:\/\/promoalge.com.br\/index.php?rest_route=%2Fwp%2Fv2%2Fproduct_brand&post=12165"},{"taxonomy":"product_cat","embeddable":true,"href":"https:\/\/promoalge.com.br\/index.php?rest_route=%2Fwp%2Fv2%2Fproduct_cat&post=12165"},{"taxonomy":"product_tag","embeddable":true,"href":"https:\/\/promoalge.com.br\/index.php?rest_route=%2Fwp%2Fv2%2Fproduct_tag&post=12165"}],"curies":[{"name":"wp","href":"https:\/\/api.w.org\/{rel}","templated":true}]}}