{"id":12185,"date":"2026-01-30T22:33:25","date_gmt":"2026-01-31T01:33:25","guid":{"rendered":"https:\/\/promoalge.com.br\/?post_type=product&#038;p=12185"},"modified":"2026-01-30T22:33:25","modified_gmt":"2026-01-31T01:33:25","slug":"kit-ecologico-bloco-de-anotacoes-e-caneta-pr8095","status":"publish","type":"product","link":"https:\/\/promoalge.com.br\/?product=kit-ecologico-bloco-de-anotacoes-e-caneta-pr8095","title":{"rendered":"Kit Ecol\u00f3gico Bloco de Anota\u00e7\u00f5es e Caneta &#8211; PR8095"},"content":{"rendered":"","protected":false},"excerpt":{"rendered":"<p>Este kit cont\u00e9m uma Caderneta A5 em linho com detalhe em corti\u00e7a e suporte para caneta, marcador de p\u00e1gina em cetim, aproximadamente 82 folhas com pauta e caneta de corti\u00e7a com detalhes em palha de trigo, carga esferogr\u00e1fica azul 1.0mm e acionamento por clique. Medidas Largura : 20 cm \/ Espessura : 2 cm \/ Comprimento : 24 cm. Grava\u00e7\u00e3o serigrafia em 1 cor.<\/p>\n<p>&nbsp;<\/p>\n<ul>\n<li>M\u00ednimo 50 unidades.<\/li>\n<\/ul>\n","protected":false},"featured_media":12186,"template":"","meta":[],"product_brand":[],"product_cat":[409,407,321],"product_tag":[],"class_list":{"0":"post-12185","1":"product","2":"type-product","3":"status-publish","4":"has-post-thumbnail","6":"product_cat-escritorio","7":"product_cat-conjuntos","8":"product_cat-linha-ecologica","10":"first","11":"instock","12":"shipping-taxable","13":"product-type-simple"},"_links":{"self":[{"href":"https:\/\/promoalge.com.br\/index.php?rest_route=\/wp\/v2\/product\/12185","targetHints":{"allow":["GET"]}}],"collection":[{"href":"https:\/\/promoalge.com.br\/index.php?rest_route=\/wp\/v2\/product"}],"about":[{"href":"https:\/\/promoalge.com.br\/index.php?rest_route=\/wp\/v2\/types\/product"}],"wp:featuredmedia":[{"embeddable":true,"href":"https:\/\/promoalge.com.br\/index.php?rest_route=\/wp\/v2\/media\/12186"}],"wp:attachment":[{"href":"https:\/\/promoalge.com.br\/index.php?rest_route=%2Fwp%2Fv2%2Fmedia&parent=12185"}],"wp:term":[{"taxonomy":"product_brand","embeddable":true,"href":"https:\/\/promoalge.com.br\/index.php?rest_route=%2Fwp%2Fv2%2Fproduct_brand&post=12185"},{"taxonomy":"product_cat","embeddable":true,"href":"https:\/\/promoalge.com.br\/index.php?rest_route=%2Fwp%2Fv2%2Fproduct_cat&post=12185"},{"taxonomy":"product_tag","embeddable":true,"href":"https:\/\/promoalge.com.br\/index.php?rest_route=%2Fwp%2Fv2%2Fproduct_tag&post=12185"}],"curies":[{"name":"wp","href":"https:\/\/api.w.org\/{rel}","templated":true}]}}