{"id":1597,"date":"2018-10-17T18:11:45","date_gmt":"2018-10-17T21:11:45","guid":{"rendered":"http:\/\/promoalge.com.br\/?post_type=product&#038;p=1597"},"modified":"2018-11-07T13:17:23","modified_gmt":"2018-11-07T16:17:23","slug":"cooler-dobravel-12-latas-bn12","status":"publish","type":"product","link":"https:\/\/promoalge.com.br\/?product=cooler-dobravel-12-latas-bn12","title":{"rendered":"Balde Dobr\u00e1vel 12 Latas &#8211; BN12"},"content":{"rendered":"","protected":false},"excerpt":{"rendered":"<p>Balde que ao ser dobrado fica em forma de um disco.Feito em Nylon Emborrachado, possui z\u00edper 8 e saco interno soldado ( anti-vazamento ), medidas 28 x 25 cm Capacidade para 12 latas. Grava\u00e7\u00e3o serigrafia.<\/p>\n","protected":false},"featured_media":1599,"template":"","meta":[],"product_brand":[],"product_cat":[79,414],"product_tag":[],"class_list":{"0":"post-1597","1":"product","2":"type-product","3":"status-publish","4":"has-post-thumbnail","6":"product_cat-bolsas-mochilas","7":"product_cat-praia-verao","9":"first","10":"instock","11":"shipping-taxable","12":"product-type-simple"},"_links":{"self":[{"href":"https:\/\/promoalge.com.br\/index.php?rest_route=\/wp\/v2\/product\/1597","targetHints":{"allow":["GET"]}}],"collection":[{"href":"https:\/\/promoalge.com.br\/index.php?rest_route=\/wp\/v2\/product"}],"about":[{"href":"https:\/\/promoalge.com.br\/index.php?rest_route=\/wp\/v2\/types\/product"}],"wp:featuredmedia":[{"embeddable":true,"href":"https:\/\/promoalge.com.br\/index.php?rest_route=\/wp\/v2\/media\/1599"}],"wp:attachment":[{"href":"https:\/\/promoalge.com.br\/index.php?rest_route=%2Fwp%2Fv2%2Fmedia&parent=1597"}],"wp:term":[{"taxonomy":"product_brand","embeddable":true,"href":"https:\/\/promoalge.com.br\/index.php?rest_route=%2Fwp%2Fv2%2Fproduct_brand&post=1597"},{"taxonomy":"product_cat","embeddable":true,"href":"https:\/\/promoalge.com.br\/index.php?rest_route=%2Fwp%2Fv2%2Fproduct_cat&post=1597"},{"taxonomy":"product_tag","embeddable":true,"href":"https:\/\/promoalge.com.br\/index.php?rest_route=%2Fwp%2Fv2%2Fproduct_tag&post=1597"}],"curies":[{"name":"wp","href":"https:\/\/api.w.org\/{rel}","templated":true}]}}