{"id":1719,"date":"2018-10-19T12:08:05","date_gmt":"2018-10-19T15:08:05","guid":{"rendered":"http:\/\/promoalge.com.br\/?post_type=product&#038;p=1719"},"modified":"2018-10-19T12:08:05","modified_gmt":"2018-10-19T15:08:05","slug":"bloco-de-anotacoes-pr3005","status":"publish","type":"product","link":"https:\/\/promoalge.com.br\/?product=bloco-de-anotacoes-pr3005","title":{"rendered":"Bloco de Anota\u00e7\u00f5es &#8211; PR3005"},"content":{"rendered":"","protected":false},"excerpt":{"rendered":"<p>Bloco de anota\u00e7\u00f5es ecol\u00f3gico colorido com caneta. Capa de papel\u00e3o com recorte vazado(as folhas tamb\u00e9m) no qual \u00e9 poss\u00edvel visualizar a caneta na parte interna, possui fita el\u00e1stica para lacrar o bloco e verso liso. Possui caneta ecol\u00f3gica de papel\u00e3o com clip e ponteira pl\u00e1stica e aproximadamente 120 folhas brancas pautadas que podem ser destacadas. Grava\u00e7\u00e3o serigrafia em 1 cor na capa e caneta.<\/p>\n","protected":false},"featured_media":1733,"template":"","meta":[],"product_brand":[],"product_cat":[409,321],"product_tag":[],"class_list":{"0":"post-1719","1":"product","2":"type-product","3":"status-publish","4":"has-post-thumbnail","6":"product_cat-escritorio","7":"product_cat-linha-ecologica","9":"first","10":"instock","11":"shipping-taxable","12":"product-type-simple"},"_links":{"self":[{"href":"https:\/\/promoalge.com.br\/index.php?rest_route=\/wp\/v2\/product\/1719","targetHints":{"allow":["GET"]}}],"collection":[{"href":"https:\/\/promoalge.com.br\/index.php?rest_route=\/wp\/v2\/product"}],"about":[{"href":"https:\/\/promoalge.com.br\/index.php?rest_route=\/wp\/v2\/types\/product"}],"wp:featuredmedia":[{"embeddable":true,"href":"https:\/\/promoalge.com.br\/index.php?rest_route=\/wp\/v2\/media\/1733"}],"wp:attachment":[{"href":"https:\/\/promoalge.com.br\/index.php?rest_route=%2Fwp%2Fv2%2Fmedia&parent=1719"}],"wp:term":[{"taxonomy":"product_brand","embeddable":true,"href":"https:\/\/promoalge.com.br\/index.php?rest_route=%2Fwp%2Fv2%2Fproduct_brand&post=1719"},{"taxonomy":"product_cat","embeddable":true,"href":"https:\/\/promoalge.com.br\/index.php?rest_route=%2Fwp%2Fv2%2Fproduct_cat&post=1719"},{"taxonomy":"product_tag","embeddable":true,"href":"https:\/\/promoalge.com.br\/index.php?rest_route=%2Fwp%2Fv2%2Fproduct_tag&post=1719"}],"curies":[{"name":"wp","href":"https:\/\/api.w.org\/{rel}","templated":true}]}}