{"id":1829,"date":"2018-10-19T14:17:31","date_gmt":"2018-10-19T17:17:31","guid":{"rendered":"http:\/\/promoalge.com.br\/?post_type=product&#038;p=1829"},"modified":"2018-10-19T14:17:32","modified_gmt":"2018-10-19T17:17:32","slug":"bloco-de-anotacoes-pr8358","status":"publish","type":"product","link":"https:\/\/promoalge.com.br\/?product=bloco-de-anotacoes-pr8358","title":{"rendered":"Bloco de Anota\u00e7\u00f5es &#8211; PR8358"},"content":{"rendered":"","protected":false},"excerpt":{"rendered":"<p>Bloco de anota\u00e7\u00f5es ecol\u00f3gico com caneta e post-it, bloco com dois suporte internos para cart\u00e3o, possui cinco blocos auto-colantes com 20 folhas cada, bloco laranja e bloco amarelo com aproximadamente 20 folhas cada. Possui aproximadamente 70 folhas brancas pautadas e caneta de papel\u00e3o de clip e ponteira pl\u00e1stica, medidas 18,2 cm x 12,1 cm. Grava\u00e7\u00e3o serigrafia em 1 cor na caneta e capa do bloco.<\/p>\n","protected":false},"featured_media":1830,"template":"","meta":[],"product_brand":[],"product_cat":[409,321],"product_tag":[],"class_list":{"0":"post-1829","1":"product","2":"type-product","3":"status-publish","4":"has-post-thumbnail","6":"product_cat-escritorio","7":"product_cat-linha-ecologica","9":"first","10":"instock","11":"shipping-taxable","12":"product-type-simple"},"_links":{"self":[{"href":"https:\/\/promoalge.com.br\/index.php?rest_route=\/wp\/v2\/product\/1829","targetHints":{"allow":["GET"]}}],"collection":[{"href":"https:\/\/promoalge.com.br\/index.php?rest_route=\/wp\/v2\/product"}],"about":[{"href":"https:\/\/promoalge.com.br\/index.php?rest_route=\/wp\/v2\/types\/product"}],"wp:featuredmedia":[{"embeddable":true,"href":"https:\/\/promoalge.com.br\/index.php?rest_route=\/wp\/v2\/media\/1830"}],"wp:attachment":[{"href":"https:\/\/promoalge.com.br\/index.php?rest_route=%2Fwp%2Fv2%2Fmedia&parent=1829"}],"wp:term":[{"taxonomy":"product_brand","embeddable":true,"href":"https:\/\/promoalge.com.br\/index.php?rest_route=%2Fwp%2Fv2%2Fproduct_brand&post=1829"},{"taxonomy":"product_cat","embeddable":true,"href":"https:\/\/promoalge.com.br\/index.php?rest_route=%2Fwp%2Fv2%2Fproduct_cat&post=1829"},{"taxonomy":"product_tag","embeddable":true,"href":"https:\/\/promoalge.com.br\/index.php?rest_route=%2Fwp%2Fv2%2Fproduct_tag&post=1829"}],"curies":[{"name":"wp","href":"https:\/\/api.w.org\/{rel}","templated":true}]}}