{"id":2332,"date":"2018-11-27T15:54:28","date_gmt":"2018-11-27T18:54:28","guid":{"rendered":"http:\/\/promoalge.com.br\/?post_type=product&#038;p=2332"},"modified":"2018-11-27T15:54:28","modified_gmt":"2018-11-27T18:54:28","slug":"caixa-de-som-prk127","status":"publish","type":"product","link":"https:\/\/promoalge.com.br\/?product=caixa-de-som-prk127","title":{"rendered":"Caixa de Som &#8211; PRK127"},"content":{"rendered":"","protected":false},"excerpt":{"rendered":"<p>Caixa de som com Fun\u00e7\u00e3o Bluetooth, Bateria de l\u00edtio recarreg\u00e1vel de longa dura\u00e7\u00e3o ,  R\u00e1dio FM , Entrada USB para Pen Drive, Entrada para cart\u00e3o microSD, entrada auxiliar P2, Microfone embutido ,Atende chamadas telef\u00f4nicas com apenas um \u00fanico toque, Dist\u00e2ncia de transmiss\u00e3o: At\u00e9 10m. Grava\u00e7\u00e3o serigrafia em 1 cor.<\/p>\n","protected":false},"featured_media":2341,"template":"","meta":[],"product_brand":[],"product_cat":[417],"product_tag":[],"class_list":{"0":"post-2332","1":"product","2":"type-product","3":"status-publish","4":"has-post-thumbnail","6":"product_cat-pendrive-tecnologia","8":"first","9":"instock","10":"shipping-taxable","11":"product-type-simple"},"_links":{"self":[{"href":"https:\/\/promoalge.com.br\/index.php?rest_route=\/wp\/v2\/product\/2332","targetHints":{"allow":["GET"]}}],"collection":[{"href":"https:\/\/promoalge.com.br\/index.php?rest_route=\/wp\/v2\/product"}],"about":[{"href":"https:\/\/promoalge.com.br\/index.php?rest_route=\/wp\/v2\/types\/product"}],"wp:featuredmedia":[{"embeddable":true,"href":"https:\/\/promoalge.com.br\/index.php?rest_route=\/wp\/v2\/media\/2341"}],"wp:attachment":[{"href":"https:\/\/promoalge.com.br\/index.php?rest_route=%2Fwp%2Fv2%2Fmedia&parent=2332"}],"wp:term":[{"taxonomy":"product_brand","embeddable":true,"href":"https:\/\/promoalge.com.br\/index.php?rest_route=%2Fwp%2Fv2%2Fproduct_brand&post=2332"},{"taxonomy":"product_cat","embeddable":true,"href":"https:\/\/promoalge.com.br\/index.php?rest_route=%2Fwp%2Fv2%2Fproduct_cat&post=2332"},{"taxonomy":"product_tag","embeddable":true,"href":"https:\/\/promoalge.com.br\/index.php?rest_route=%2Fwp%2Fv2%2Fproduct_tag&post=2332"}],"curies":[{"name":"wp","href":"https:\/\/api.w.org\/{rel}","templated":true}]}}