{"id":2406,"date":"2018-12-06T14:13:19","date_gmt":"2018-12-06T17:13:19","guid":{"rendered":"http:\/\/promoalge.com.br\/?post_type=product&#038;p=2406"},"modified":"2018-12-06T14:13:20","modified_gmt":"2018-12-06T17:13:20","slug":"kit-porta-documento-chaveiro-prkitcc3","status":"publish","type":"product","link":"https:\/\/promoalge.com.br\/?product=kit-porta-documento-chaveiro-prkitcc3","title":{"rendered":"Kit Porta Documento &#038; Chaveiro &#8211; PRKITCC3"},"content":{"rendered":"","protected":false},"excerpt":{"rendered":"<p>Kit incluso Porta documento em couro sint\u00e9tico com cantoneira dourada ou prata, possui divis\u00f3rias internas para cart\u00e3o e documento, &#038; Chaveiro em sint\u00e9tico com argola e mosquet\u00e3o de metal.<\/p>\n<p>Incluso Embalagem de Veludo para os dois itens.<\/p>\n<p>Personaliza\u00e7\u00e3o:<br \/>\nPorta documento &#038; Chaveiro: Baixo relevo.<\/p>\n","protected":false},"featured_media":2408,"template":"","meta":[],"product_brand":[],"product_cat":[408,407],"product_tag":[],"class_list":{"0":"post-2406","1":"product","2":"type-product","3":"status-publish","4":"has-post-thumbnail","6":"product_cat-couro","7":"product_cat-conjuntos","9":"first","10":"instock","11":"shipping-taxable","12":"product-type-simple"},"_links":{"self":[{"href":"https:\/\/promoalge.com.br\/index.php?rest_route=\/wp\/v2\/product\/2406","targetHints":{"allow":["GET"]}}],"collection":[{"href":"https:\/\/promoalge.com.br\/index.php?rest_route=\/wp\/v2\/product"}],"about":[{"href":"https:\/\/promoalge.com.br\/index.php?rest_route=\/wp\/v2\/types\/product"}],"wp:featuredmedia":[{"embeddable":true,"href":"https:\/\/promoalge.com.br\/index.php?rest_route=\/wp\/v2\/media\/2408"}],"wp:attachment":[{"href":"https:\/\/promoalge.com.br\/index.php?rest_route=%2Fwp%2Fv2%2Fmedia&parent=2406"}],"wp:term":[{"taxonomy":"product_brand","embeddable":true,"href":"https:\/\/promoalge.com.br\/index.php?rest_route=%2Fwp%2Fv2%2Fproduct_brand&post=2406"},{"taxonomy":"product_cat","embeddable":true,"href":"https:\/\/promoalge.com.br\/index.php?rest_route=%2Fwp%2Fv2%2Fproduct_cat&post=2406"},{"taxonomy":"product_tag","embeddable":true,"href":"https:\/\/promoalge.com.br\/index.php?rest_route=%2Fwp%2Fv2%2Fproduct_tag&post=2406"}],"curies":[{"name":"wp","href":"https:\/\/api.w.org\/{rel}","templated":true}]}}