{"id":2430,"date":"2018-12-11T16:20:58","date_gmt":"2018-12-11T19:20:58","guid":{"rendered":"http:\/\/promoalge.com.br\/?post_type=product&#038;p=2430"},"modified":"2020-08-11T23:05:27","modified_gmt":"2020-08-12T02:05:27","slug":"fone-de-ouvido-bluetooth-prb10","status":"publish","type":"product","link":"https:\/\/promoalge.com.br\/?product=fone-de-ouvido-bluetooth-prb10","title":{"rendered":"Fone de Ouvido Bluetooth &#8211; PRB10"},"content":{"rendered":"","protected":false},"excerpt":{"rendered":"<p>Fone Bluetooth pl\u00e1stico com case carregador. Para utiliza\u00e7\u00e3o do produto, pressione e segure o bot\u00e3o lateral de ambos fones ao mesmo tempo, luzes led em vermelho e azul ficar\u00e3o piscando alternadamente at\u00e9 a jun\u00e7\u00e3o das duas partes (quando conectadas apenas um lado dos fones permanecer\u00e1 aceso), ap\u00f3s realizado o processo conecte o fone atrav\u00e9s do Bluetooth e o LED se apagar\u00e1, indicando a conex\u00e3o ao dispositivo. Quando emparelhado, pressione uma vez o bot\u00e3o do fone para iniciar ou pausar uma m\u00fasica, ao segurar o bot\u00e3o ir\u00e1 avan\u00e7ar a faixa; no modo liga\u00e7\u00e3o pressione uma vez o bot\u00e3o para atender a chamada ou segure o bot\u00e3o do fone para recus\u00e1-la. Para o carregamento do produto \u00e9 necess\u00e1rio recarregar inicialmente o case e ap\u00f3s este processo basta conectar os fones no estojo e pressionar o bot\u00e3o power para o carregamento dos mesmos. Fones com microfone embutido; Frequ\u00eancia 2.4 -2.485 GHz; Alcance 10 de metros e tempo de funcionamento aproximadamente 1h15. Enquanto o case \u00e9 carregado o LED vermelho ficar\u00e1 piscando, ao concluir a carga o LED permanecer\u00e1 aceso; no carregamento dos fones leds vermelhos ficar\u00e3o acesos e ao concluir a carga se apagar\u00e3o. Acompanha cabo USB. Grava\u00e7\u00e3o serigrafia em 1 cor.<\/p>\n","protected":false},"featured_media":2431,"template":"","meta":[],"product_brand":[],"product_cat":[353,417],"product_tag":[],"class_list":{"0":"post-2430","1":"product","2":"type-product","3":"status-publish","4":"has-post-thumbnail","6":"product_cat-diversos","7":"product_cat-pendrive-tecnologia","9":"first","10":"instock","11":"shipping-taxable","12":"product-type-simple"},"_links":{"self":[{"href":"https:\/\/promoalge.com.br\/index.php?rest_route=\/wp\/v2\/product\/2430","targetHints":{"allow":["GET"]}}],"collection":[{"href":"https:\/\/promoalge.com.br\/index.php?rest_route=\/wp\/v2\/product"}],"about":[{"href":"https:\/\/promoalge.com.br\/index.php?rest_route=\/wp\/v2\/types\/product"}],"wp:featuredmedia":[{"embeddable":true,"href":"https:\/\/promoalge.com.br\/index.php?rest_route=\/wp\/v2\/media\/2431"}],"wp:attachment":[{"href":"https:\/\/promoalge.com.br\/index.php?rest_route=%2Fwp%2Fv2%2Fmedia&parent=2430"}],"wp:term":[{"taxonomy":"product_brand","embeddable":true,"href":"https:\/\/promoalge.com.br\/index.php?rest_route=%2Fwp%2Fv2%2Fproduct_brand&post=2430"},{"taxonomy":"product_cat","embeddable":true,"href":"https:\/\/promoalge.com.br\/index.php?rest_route=%2Fwp%2Fv2%2Fproduct_cat&post=2430"},{"taxonomy":"product_tag","embeddable":true,"href":"https:\/\/promoalge.com.br\/index.php?rest_route=%2Fwp%2Fv2%2Fproduct_tag&post=2430"}],"curies":[{"name":"wp","href":"https:\/\/api.w.org\/{rel}","templated":true}]}}