{"id":2575,"date":"2019-01-22T10:22:54","date_gmt":"2019-01-22T13:22:54","guid":{"rendered":"http:\/\/promoalge.com.br\/?post_type=product&#038;p=2575"},"modified":"2021-05-12T18:15:51","modified_gmt":"2021-05-12T21:15:51","slug":"necessaire-pr13987","status":"publish","type":"product","link":"https:\/\/promoalge.com.br\/?product=necessaire-pr13987","title":{"rendered":"Necessaire &#8211; PRNE101"},"content":{"rendered":"","protected":false},"excerpt":{"rendered":"<p>Necessaire de nylon com detalhes em couro sint\u00e9tico. Possui al\u00e7a lateral, pequenas abas nas laterais com bot\u00f5es para ajuste, compartimento principal superior e um pequeno compartimento frontal, z\u00edperes acompanham puxador em couro sint\u00e9tico. Grava\u00e7\u00e3o serigrafia em 1 cor.<\/p>\n<ul>\n<li>M\u00ednimo 50 unidades.<\/li>\n<\/ul>\n","protected":false},"featured_media":3837,"template":"","meta":[],"product_brand":[],"product_cat":[416],"product_tag":[],"class_list":{"0":"post-2575","1":"product","2":"type-product","3":"status-publish","4":"has-post-thumbnail","6":"product_cat-necessaire","8":"first","9":"instock","10":"shipping-taxable","11":"product-type-simple"},"_links":{"self":[{"href":"https:\/\/promoalge.com.br\/index.php?rest_route=\/wp\/v2\/product\/2575","targetHints":{"allow":["GET"]}}],"collection":[{"href":"https:\/\/promoalge.com.br\/index.php?rest_route=\/wp\/v2\/product"}],"about":[{"href":"https:\/\/promoalge.com.br\/index.php?rest_route=\/wp\/v2\/types\/product"}],"wp:featuredmedia":[{"embeddable":true,"href":"https:\/\/promoalge.com.br\/index.php?rest_route=\/wp\/v2\/media\/3837"}],"wp:attachment":[{"href":"https:\/\/promoalge.com.br\/index.php?rest_route=%2Fwp%2Fv2%2Fmedia&parent=2575"}],"wp:term":[{"taxonomy":"product_brand","embeddable":true,"href":"https:\/\/promoalge.com.br\/index.php?rest_route=%2Fwp%2Fv2%2Fproduct_brand&post=2575"},{"taxonomy":"product_cat","embeddable":true,"href":"https:\/\/promoalge.com.br\/index.php?rest_route=%2Fwp%2Fv2%2Fproduct_cat&post=2575"},{"taxonomy":"product_tag","embeddable":true,"href":"https:\/\/promoalge.com.br\/index.php?rest_route=%2Fwp%2Fv2%2Fproduct_tag&post=2575"}],"curies":[{"name":"wp","href":"https:\/\/api.w.org\/{rel}","templated":true}]}}