{"id":2742,"date":"2019-02-07T11:09:11","date_gmt":"2019-02-07T14:09:11","guid":{"rendered":"http:\/\/promoalge.com.br\/?post_type=product&#038;p=2742"},"modified":"2019-04-26T09:57:52","modified_gmt":"2019-04-26T12:57:52","slug":"kit-porta-documento-e-espelho-kitpd-esp","status":"publish","type":"product","link":"https:\/\/promoalge.com.br\/?product=kit-porta-documento-e-espelho-kitpd-esp","title":{"rendered":"Kit Porta Documento e Espelho &#8211; KITPD-ESP"},"content":{"rendered":"","protected":false},"excerpt":{"rendered":"<p>Kit incluso:<br \/>\n*  Porta documento em couro sint\u00e9tico com cantoneira dourada ou prata, possui 4 divis\u00f3rias pl\u00e1sticas grande e duas divis\u00f3rias pequenas. Tamanho total aproximado (CxD): 12,2 cm x 17,7 cm. Grava\u00e7\u00e3o baixo relevo.<br \/>\nEspelho de bolsa\/ maquiagem pl\u00e1stico, medidas 60 x 5 mm. Grava\u00e7\u00e3o serigrafia em 1 cor.<\/p>\n<p>ITENS ACOMODADOS EM SACOLA EM PAPEL\u00c3O DUPLEX PERSONALIZADA.<\/p>\n","protected":false},"featured_media":2744,"template":"","meta":[],"product_brand":[],"product_cat":[407,413],"product_tag":[],"class_list":{"0":"post-2742","1":"product","2":"type-product","3":"status-publish","4":"has-post-thumbnail","6":"product_cat-conjuntos","7":"product_cat-linha-feminina","9":"first","10":"instock","11":"shipping-taxable","12":"product-type-simple"},"_links":{"self":[{"href":"https:\/\/promoalge.com.br\/index.php?rest_route=\/wp\/v2\/product\/2742","targetHints":{"allow":["GET"]}}],"collection":[{"href":"https:\/\/promoalge.com.br\/index.php?rest_route=\/wp\/v2\/product"}],"about":[{"href":"https:\/\/promoalge.com.br\/index.php?rest_route=\/wp\/v2\/types\/product"}],"wp:featuredmedia":[{"embeddable":true,"href":"https:\/\/promoalge.com.br\/index.php?rest_route=\/wp\/v2\/media\/2744"}],"wp:attachment":[{"href":"https:\/\/promoalge.com.br\/index.php?rest_route=%2Fwp%2Fv2%2Fmedia&parent=2742"}],"wp:term":[{"taxonomy":"product_brand","embeddable":true,"href":"https:\/\/promoalge.com.br\/index.php?rest_route=%2Fwp%2Fv2%2Fproduct_brand&post=2742"},{"taxonomy":"product_cat","embeddable":true,"href":"https:\/\/promoalge.com.br\/index.php?rest_route=%2Fwp%2Fv2%2Fproduct_cat&post=2742"},{"taxonomy":"product_tag","embeddable":true,"href":"https:\/\/promoalge.com.br\/index.php?rest_route=%2Fwp%2Fv2%2Fproduct_tag&post=2742"}],"curies":[{"name":"wp","href":"https:\/\/api.w.org\/{rel}","templated":true}]}}