{"id":2812,"date":"2019-02-07T16:56:05","date_gmt":"2019-02-07T19:56:05","guid":{"rendered":"http:\/\/promoalge.com.br\/?post_type=product&#038;p=2812"},"modified":"2019-02-07T16:56:05","modified_gmt":"2019-02-07T19:56:05","slug":"kit-manicure-pr3317","status":"publish","type":"product","link":"https:\/\/promoalge.com.br\/?product=kit-manicure-pr3317","title":{"rendered":"Kit Manicure &#8211; PR3317"},"content":{"rendered":"","protected":false},"excerpt":{"rendered":"<p>Kit manicure com 7 pe\u00e7as, e estojo em sint\u00e9tico. Medidas 11 x 7 x 2,5 cm. Grava\u00e7\u00e3o serigrafia ou laser.<\/p>\n","protected":false},"featured_media":2813,"template":"","meta":[],"product_brand":[],"product_cat":[413],"product_tag":[],"class_list":{"0":"post-2812","1":"product","2":"type-product","3":"status-publish","4":"has-post-thumbnail","6":"product_cat-linha-feminina","8":"first","9":"instock","10":"shipping-taxable","11":"product-type-simple"},"_links":{"self":[{"href":"https:\/\/promoalge.com.br\/index.php?rest_route=\/wp\/v2\/product\/2812","targetHints":{"allow":["GET"]}}],"collection":[{"href":"https:\/\/promoalge.com.br\/index.php?rest_route=\/wp\/v2\/product"}],"about":[{"href":"https:\/\/promoalge.com.br\/index.php?rest_route=\/wp\/v2\/types\/product"}],"wp:featuredmedia":[{"embeddable":true,"href":"https:\/\/promoalge.com.br\/index.php?rest_route=\/wp\/v2\/media\/2813"}],"wp:attachment":[{"href":"https:\/\/promoalge.com.br\/index.php?rest_route=%2Fwp%2Fv2%2Fmedia&parent=2812"}],"wp:term":[{"taxonomy":"product_brand","embeddable":true,"href":"https:\/\/promoalge.com.br\/index.php?rest_route=%2Fwp%2Fv2%2Fproduct_brand&post=2812"},{"taxonomy":"product_cat","embeddable":true,"href":"https:\/\/promoalge.com.br\/index.php?rest_route=%2Fwp%2Fv2%2Fproduct_cat&post=2812"},{"taxonomy":"product_tag","embeddable":true,"href":"https:\/\/promoalge.com.br\/index.php?rest_route=%2Fwp%2Fv2%2Fproduct_tag&post=2812"}],"curies":[{"name":"wp","href":"https:\/\/api.w.org\/{rel}","templated":true}]}}