{"id":2985,"date":"2019-02-18T19:08:06","date_gmt":"2019-02-18T22:08:06","guid":{"rendered":"http:\/\/promoalge.com.br\/?post_type=product&#038;p=2985"},"modified":"2019-02-18T19:08:06","modified_gmt":"2019-02-18T22:08:06","slug":"kit-caneta-e-canivete-prkit001-2","status":"publish","type":"product","link":"https:\/\/promoalge.com.br\/?product=kit-caneta-e-canivete-prkit001-2","title":{"rendered":"Kit Caneta e Canivete &#8211; PRKIT001"},"content":{"rendered":"","protected":false},"excerpt":{"rendered":"<p>Kit  incluso caneta esferogr\u00e1fica com corpo met\u00e1lico inteira colorida com detalhes prata. Clip metal com a ponta do acionador preto, parte inferior com dois an\u00e9is prata. Aciona por clique. Medidas 13,7 cm x 1,2 cm, e canivete metal 7 fun\u00e7\u00f5es com detalhes emborrachados preto(tr\u00eas linhas frente e verso). Possui: l\u00e2mina de corte, mini tesoura, abridor de lata, abridor de garrafa, chave phillips, lixa e saca rolhas.  Incluso caixa em papel kraft com el\u00e1stico para prender os itens. Grava\u00e7\u00e3o a laser na caneta e chaveiro.<\/p>\n","protected":false},"featured_media":2986,"template":"","meta":[],"product_brand":[],"product_cat":[411,407],"product_tag":[],"class_list":{"0":"post-2985","1":"product","2":"type-product","3":"status-publish","4":"has-post-thumbnail","6":"product_cat-ferramentas","7":"product_cat-conjuntos","9":"first","10":"instock","11":"shipping-taxable","12":"product-type-simple"},"_links":{"self":[{"href":"https:\/\/promoalge.com.br\/index.php?rest_route=\/wp\/v2\/product\/2985","targetHints":{"allow":["GET"]}}],"collection":[{"href":"https:\/\/promoalge.com.br\/index.php?rest_route=\/wp\/v2\/product"}],"about":[{"href":"https:\/\/promoalge.com.br\/index.php?rest_route=\/wp\/v2\/types\/product"}],"wp:featuredmedia":[{"embeddable":true,"href":"https:\/\/promoalge.com.br\/index.php?rest_route=\/wp\/v2\/media\/2986"}],"wp:attachment":[{"href":"https:\/\/promoalge.com.br\/index.php?rest_route=%2Fwp%2Fv2%2Fmedia&parent=2985"}],"wp:term":[{"taxonomy":"product_brand","embeddable":true,"href":"https:\/\/promoalge.com.br\/index.php?rest_route=%2Fwp%2Fv2%2Fproduct_brand&post=2985"},{"taxonomy":"product_cat","embeddable":true,"href":"https:\/\/promoalge.com.br\/index.php?rest_route=%2Fwp%2Fv2%2Fproduct_cat&post=2985"},{"taxonomy":"product_tag","embeddable":true,"href":"https:\/\/promoalge.com.br\/index.php?rest_route=%2Fwp%2Fv2%2Fproduct_tag&post=2985"}],"curies":[{"name":"wp","href":"https:\/\/api.w.org\/{rel}","templated":true}]}}