{"id":3180,"date":"2019-02-25T16:00:45","date_gmt":"2019-02-25T19:00:45","guid":{"rendered":"http:\/\/promoalge.com.br\/?post_type=product&#038;p=3180"},"modified":"2019-02-25T16:00:45","modified_gmt":"2019-02-25T19:00:45","slug":"kit-caneta-molesquine-pendrive-prkt14","status":"publish","type":"product","link":"https:\/\/promoalge.com.br\/?product=kit-caneta-molesquine-pendrive-prkt14","title":{"rendered":"Kit Caneta, Molesquine &#038; Pendrive &#8211; PRKT14"},"content":{"rendered":"","protected":false},"excerpt":{"rendered":"<p>Kit executivo incluso caneta esferogr\u00e1fica com corpo met\u00e1lico, pen drive girat\u00f3rio capacidade  8GB, caderneta\/molesquine com 80 folhas e el\u00e1stico na capa. Incluso caixa r\u00edgida com ber\u00e7o para todos itens. <\/p>\n<p>Personaliza\u00e7\u00e3o:<br \/>\n* Baixo Relevo ou serigrafia em 1 cor na Molesquine;<br \/>\n* Laser na caneta<br \/>\n* Laser no Pendrive.<\/p>\n","protected":false},"featured_media":3182,"template":"","meta":[],"product_brand":[],"product_cat":[407,417],"product_tag":[],"class_list":{"0":"post-3180","1":"product","2":"type-product","3":"status-publish","4":"has-post-thumbnail","6":"product_cat-conjuntos","7":"product_cat-pendrive-tecnologia","9":"first","10":"instock","11":"shipping-taxable","12":"product-type-simple"},"_links":{"self":[{"href":"https:\/\/promoalge.com.br\/index.php?rest_route=\/wp\/v2\/product\/3180","targetHints":{"allow":["GET"]}}],"collection":[{"href":"https:\/\/promoalge.com.br\/index.php?rest_route=\/wp\/v2\/product"}],"about":[{"href":"https:\/\/promoalge.com.br\/index.php?rest_route=\/wp\/v2\/types\/product"}],"wp:featuredmedia":[{"embeddable":true,"href":"https:\/\/promoalge.com.br\/index.php?rest_route=\/wp\/v2\/media\/3182"}],"wp:attachment":[{"href":"https:\/\/promoalge.com.br\/index.php?rest_route=%2Fwp%2Fv2%2Fmedia&parent=3180"}],"wp:term":[{"taxonomy":"product_brand","embeddable":true,"href":"https:\/\/promoalge.com.br\/index.php?rest_route=%2Fwp%2Fv2%2Fproduct_brand&post=3180"},{"taxonomy":"product_cat","embeddable":true,"href":"https:\/\/promoalge.com.br\/index.php?rest_route=%2Fwp%2Fv2%2Fproduct_cat&post=3180"},{"taxonomy":"product_tag","embeddable":true,"href":"https:\/\/promoalge.com.br\/index.php?rest_route=%2Fwp%2Fv2%2Fproduct_tag&post=3180"}],"curies":[{"name":"wp","href":"https:\/\/api.w.org\/{rel}","templated":true}]}}