{"id":3317,"date":"2019-04-01T18:35:03","date_gmt":"2019-04-01T21:35:03","guid":{"rendered":"http:\/\/promoalge.com.br\/?post_type=product&#038;p=3317"},"modified":"2019-04-01T18:36:57","modified_gmt":"2019-04-01T21:36:57","slug":"kit-pizza-vinho-kt9009a","status":"publish","type":"product","link":"https:\/\/promoalge.com.br\/?product=kit-pizza-vinho-kt9009a","title":{"rendered":"Kit Pizza &#038; Vinho &#8211; KT9009A"},"content":{"rendered":"","protected":false},"excerpt":{"rendered":"<p>Conjunto com t\u00e1bua em bambu redonda para pizza, cortador e esp\u00e1tula, com duas ta\u00e7as de vidro para vinho. Incluso embalagem caixa com tampa e ber\u00e7o para os itens. Grava\u00e7\u00e3o a laser na t\u00e1bua, e ta\u00e7as, e serigrafia em 1 cor na tampa.<\/p>\n","protected":false},"featured_media":3318,"template":"","meta":[],"product_brand":[],"product_cat":[49],"product_tag":[],"class_list":{"0":"post-3317","1":"product","2":"type-product","3":"status-publish","4":"has-post-thumbnail","6":"product_cat-bar-queijo-vinhos","8":"first","9":"instock","10":"shipping-taxable","11":"product-type-simple"},"_links":{"self":[{"href":"https:\/\/promoalge.com.br\/index.php?rest_route=\/wp\/v2\/product\/3317","targetHints":{"allow":["GET"]}}],"collection":[{"href":"https:\/\/promoalge.com.br\/index.php?rest_route=\/wp\/v2\/product"}],"about":[{"href":"https:\/\/promoalge.com.br\/index.php?rest_route=\/wp\/v2\/types\/product"}],"wp:featuredmedia":[{"embeddable":true,"href":"https:\/\/promoalge.com.br\/index.php?rest_route=\/wp\/v2\/media\/3318"}],"wp:attachment":[{"href":"https:\/\/promoalge.com.br\/index.php?rest_route=%2Fwp%2Fv2%2Fmedia&parent=3317"}],"wp:term":[{"taxonomy":"product_brand","embeddable":true,"href":"https:\/\/promoalge.com.br\/index.php?rest_route=%2Fwp%2Fv2%2Fproduct_brand&post=3317"},{"taxonomy":"product_cat","embeddable":true,"href":"https:\/\/promoalge.com.br\/index.php?rest_route=%2Fwp%2Fv2%2Fproduct_cat&post=3317"},{"taxonomy":"product_tag","embeddable":true,"href":"https:\/\/promoalge.com.br\/index.php?rest_route=%2Fwp%2Fv2%2Fproduct_tag&post=3317"}],"curies":[{"name":"wp","href":"https:\/\/api.w.org\/{rel}","templated":true}]}}