{"id":3402,"date":"2019-04-05T15:14:34","date_gmt":"2019-04-05T18:14:34","guid":{"rendered":"http:\/\/promoalge.com.br\/?post_type=product&#038;p=3402"},"modified":"2019-04-05T15:14:34","modified_gmt":"2019-04-05T18:14:34","slug":"necessaire-em-algodao-cru-nec144","status":"publish","type":"product","link":"https:\/\/promoalge.com.br\/?product=necessaire-em-algodao-cru-nec144","title":{"rendered":"Necessaire em Algod\u00e3o Cru &#8211; NEC144"},"content":{"rendered":"","protected":false},"excerpt":{"rendered":"<p>Necessaire produzida em algod\u00e3o cru com bolso frontal e al\u00e7a de m\u00e3o, fechamento com z\u00edper, medidas 18 x 10x 10 cm. Grava\u00e7\u00e3o serigrafia em 1 cor.<\/p>\n","protected":false},"featured_media":3403,"template":"","meta":[],"product_brand":[],"product_cat":[321,416],"product_tag":[],"class_list":{"0":"post-3402","1":"product","2":"type-product","3":"status-publish","4":"has-post-thumbnail","6":"product_cat-linha-ecologica","7":"product_cat-necessaire","9":"first","10":"instock","11":"shipping-taxable","12":"product-type-simple"},"_links":{"self":[{"href":"https:\/\/promoalge.com.br\/index.php?rest_route=\/wp\/v2\/product\/3402","targetHints":{"allow":["GET"]}}],"collection":[{"href":"https:\/\/promoalge.com.br\/index.php?rest_route=\/wp\/v2\/product"}],"about":[{"href":"https:\/\/promoalge.com.br\/index.php?rest_route=\/wp\/v2\/types\/product"}],"wp:featuredmedia":[{"embeddable":true,"href":"https:\/\/promoalge.com.br\/index.php?rest_route=\/wp\/v2\/media\/3403"}],"wp:attachment":[{"href":"https:\/\/promoalge.com.br\/index.php?rest_route=%2Fwp%2Fv2%2Fmedia&parent=3402"}],"wp:term":[{"taxonomy":"product_brand","embeddable":true,"href":"https:\/\/promoalge.com.br\/index.php?rest_route=%2Fwp%2Fv2%2Fproduct_brand&post=3402"},{"taxonomy":"product_cat","embeddable":true,"href":"https:\/\/promoalge.com.br\/index.php?rest_route=%2Fwp%2Fv2%2Fproduct_cat&post=3402"},{"taxonomy":"product_tag","embeddable":true,"href":"https:\/\/promoalge.com.br\/index.php?rest_route=%2Fwp%2Fv2%2Fproduct_tag&post=3402"}],"curies":[{"name":"wp","href":"https:\/\/api.w.org\/{rel}","templated":true}]}}