{"id":3411,"date":"2019-04-16T13:07:58","date_gmt":"2019-04-16T16:07:58","guid":{"rendered":"http:\/\/promoalge.com.br\/?post_type=product&#038;p=3411"},"modified":"2020-03-24T22:16:12","modified_gmt":"2020-03-25T01:16:12","slug":"kit-churrasco-3-pecas-com-tabua-pr3329","status":"publish","type":"product","link":"https:\/\/promoalge.com.br\/?product=kit-churrasco-3-pecas-com-tabua-pr3329","title":{"rendered":"Kit Churrasco 3 Pe\u00e7as com T\u00e1bua &#8211; PR3329"},"content":{"rendered":"","protected":false},"excerpt":{"rendered":"<p>Kit churrasco 3 pe\u00e7as com t\u00e1bua de madeira em estojo de nylon com al\u00e7a. Possui t\u00e1bua de madeira, garfo, faca e amolador. Acompanha prote\u00e7\u00f5es pl\u00e1sticas e parte interna com el\u00e1stico para fixar as pe\u00e7as. Grava\u00e7\u00e3o serigrafia em 1 cor no estojo, e laser na lamina da faca.<\/p>\n","protected":false},"featured_media":5043,"template":"","meta":[],"product_brand":[],"product_cat":[412],"product_tag":[],"class_list":{"0":"post-3411","1":"product","2":"type-product","3":"status-publish","4":"has-post-thumbnail","6":"product_cat-kits-churrasco","8":"first","9":"instock","10":"shipping-taxable","11":"product-type-simple"},"_links":{"self":[{"href":"https:\/\/promoalge.com.br\/index.php?rest_route=\/wp\/v2\/product\/3411","targetHints":{"allow":["GET"]}}],"collection":[{"href":"https:\/\/promoalge.com.br\/index.php?rest_route=\/wp\/v2\/product"}],"about":[{"href":"https:\/\/promoalge.com.br\/index.php?rest_route=\/wp\/v2\/types\/product"}],"wp:featuredmedia":[{"embeddable":true,"href":"https:\/\/promoalge.com.br\/index.php?rest_route=\/wp\/v2\/media\/5043"}],"wp:attachment":[{"href":"https:\/\/promoalge.com.br\/index.php?rest_route=%2Fwp%2Fv2%2Fmedia&parent=3411"}],"wp:term":[{"taxonomy":"product_brand","embeddable":true,"href":"https:\/\/promoalge.com.br\/index.php?rest_route=%2Fwp%2Fv2%2Fproduct_brand&post=3411"},{"taxonomy":"product_cat","embeddable":true,"href":"https:\/\/promoalge.com.br\/index.php?rest_route=%2Fwp%2Fv2%2Fproduct_cat&post=3411"},{"taxonomy":"product_tag","embeddable":true,"href":"https:\/\/promoalge.com.br\/index.php?rest_route=%2Fwp%2Fv2%2Fproduct_tag&post=3411"}],"curies":[{"name":"wp","href":"https:\/\/api.w.org\/{rel}","templated":true}]}}