{"id":376,"date":"2018-06-14T17:13:53","date_gmt":"2018-06-14T20:13:53","guid":{"rendered":"http:\/\/promoalge.com.br\/?product=import-placeholder-for-4046"},"modified":"2019-12-03T18:03:09","modified_gmt":"2019-12-03T21:03:09","slug":"caneca-quadrada-250-ml-eco-canqdeco","status":"publish","type":"product","link":"https:\/\/promoalge.com.br\/?product=caneca-quadrada-250-ml-eco-canqdeco","title":{"rendered":"Caneca Quadrada 250 Ml Eco &#8211; CANQDECO"},"content":{"rendered":"<p>Caneca quadrada capacidade 250 ml feita com 50% de Fibra de Madeira ou Coco. O material \u00e9 resistente a micro-ondas e m\u00e1quina de lavar lou\u00e7a, garantindo a seguran\u00e7a e durabilidade do produto. Grava\u00e7\u00e3o serigrafia.<\/p>\n","protected":false},"excerpt":{"rendered":"<p>Caneca quadrada capacidade 250 ml feita com 50% de Fibra de Madeira ou Coco. O material \u00e9 resistente a micro-ondas e m\u00e1quina de lavar lou\u00e7a, garantindo a seguran\u00e7a e durabilidade do produto. Grava\u00e7\u00e3o serigrafia.<\/p>\n","protected":false},"featured_media":465,"template":"","meta":[],"product_brand":[],"product_cat":[251,353,321],"product_tag":[],"class_list":{"0":"post-376","1":"product","2":"type-product","3":"status-publish","4":"has-post-thumbnail","6":"product_cat-plastica-canecas-copos-garrafas","7":"product_cat-diversos","8":"product_cat-linha-ecologica","10":"first","11":"instock","12":"shipping-taxable","13":"product-type-simple"},"_links":{"self":[{"href":"https:\/\/promoalge.com.br\/index.php?rest_route=\/wp\/v2\/product\/376","targetHints":{"allow":["GET"]}}],"collection":[{"href":"https:\/\/promoalge.com.br\/index.php?rest_route=\/wp\/v2\/product"}],"about":[{"href":"https:\/\/promoalge.com.br\/index.php?rest_route=\/wp\/v2\/types\/product"}],"wp:featuredmedia":[{"embeddable":true,"href":"https:\/\/promoalge.com.br\/index.php?rest_route=\/wp\/v2\/media\/465"}],"wp:attachment":[{"href":"https:\/\/promoalge.com.br\/index.php?rest_route=%2Fwp%2Fv2%2Fmedia&parent=376"}],"wp:term":[{"taxonomy":"product_brand","embeddable":true,"href":"https:\/\/promoalge.com.br\/index.php?rest_route=%2Fwp%2Fv2%2Fproduct_brand&post=376"},{"taxonomy":"product_cat","embeddable":true,"href":"https:\/\/promoalge.com.br\/index.php?rest_route=%2Fwp%2Fv2%2Fproduct_cat&post=376"},{"taxonomy":"product_tag","embeddable":true,"href":"https:\/\/promoalge.com.br\/index.php?rest_route=%2Fwp%2Fv2%2Fproduct_tag&post=376"}],"curies":[{"name":"wp","href":"https:\/\/api.w.org\/{rel}","templated":true}]}}