{"id":3785,"date":"2019-06-27T11:28:39","date_gmt":"2019-06-27T14:28:39","guid":{"rendered":"http:\/\/promoalge.com.br\/?post_type=product&#038;p=3785"},"modified":"2021-07-13T12:21:13","modified_gmt":"2021-07-13T15:21:13","slug":"cadeira-em-aluminio-4-posicoes-cad4pos","status":"publish","type":"product","link":"https:\/\/promoalge.com.br\/?product=cadeira-em-aluminio-4-posicoes-cad4pos","title":{"rendered":"Cadeira 4 Posi\u00e7\u00f5es &#8211; CAD4POS"},"content":{"rendered":"","protected":false},"excerpt":{"rendered":"<p>Cadeira de praia modelo 4 posi\u00e7\u00f5es, em alum\u00ednio, assento com tela sannet. Grava\u00e7\u00e3o serigrafia em 1 cor no bolso traseiro.<\/p>\n<ul>\n<li>M\u00ednimo 50 unidades.<\/li>\n<\/ul>\n","protected":false},"featured_media":7242,"template":"","meta":[],"product_brand":[],"product_cat":[414],"product_tag":[],"class_list":{"0":"post-3785","1":"product","2":"type-product","3":"status-publish","4":"has-post-thumbnail","6":"product_cat-praia-verao","8":"first","9":"instock","10":"shipping-taxable","11":"product-type-simple"},"_links":{"self":[{"href":"https:\/\/promoalge.com.br\/index.php?rest_route=\/wp\/v2\/product\/3785","targetHints":{"allow":["GET"]}}],"collection":[{"href":"https:\/\/promoalge.com.br\/index.php?rest_route=\/wp\/v2\/product"}],"about":[{"href":"https:\/\/promoalge.com.br\/index.php?rest_route=\/wp\/v2\/types\/product"}],"wp:featuredmedia":[{"embeddable":true,"href":"https:\/\/promoalge.com.br\/index.php?rest_route=\/wp\/v2\/media\/7242"}],"wp:attachment":[{"href":"https:\/\/promoalge.com.br\/index.php?rest_route=%2Fwp%2Fv2%2Fmedia&parent=3785"}],"wp:term":[{"taxonomy":"product_brand","embeddable":true,"href":"https:\/\/promoalge.com.br\/index.php?rest_route=%2Fwp%2Fv2%2Fproduct_brand&post=3785"},{"taxonomy":"product_cat","embeddable":true,"href":"https:\/\/promoalge.com.br\/index.php?rest_route=%2Fwp%2Fv2%2Fproduct_cat&post=3785"},{"taxonomy":"product_tag","embeddable":true,"href":"https:\/\/promoalge.com.br\/index.php?rest_route=%2Fwp%2Fv2%2Fproduct_tag&post=3785"}],"curies":[{"name":"wp","href":"https:\/\/api.w.org\/{rel}","templated":true}]}}