{"id":3853,"date":"2019-07-08T17:44:05","date_gmt":"2019-07-08T20:44:05","guid":{"rendered":"http:\/\/promoalge.com.br\/?post_type=product&#038;p=3853"},"modified":"2020-06-04T15:18:36","modified_gmt":"2020-06-04T18:18:36","slug":"kit-fitness-ktfit04","status":"publish","type":"product","link":"https:\/\/promoalge.com.br\/?product=kit-fitness-ktfit04","title":{"rendered":"Kit Fitness &#8211; KITFT04"},"content":{"rendered":"","protected":false},"excerpt":{"rendered":"<p>Kit Academia incluso, Squeeze met\u00e1lica, toalha de rosto , anti stress e sacola mochila em nylon. Personaliza\u00e7\u00e3o na Squeeze, toalha de rosto logo bordado, anti stress e serigrafia em 1 cor na mochila.<\/p>\n","protected":false},"featured_media":3843,"template":"","meta":[],"product_brand":[],"product_cat":[353,407],"product_tag":[],"class_list":{"0":"post-3853","1":"product","2":"type-product","3":"status-publish","4":"has-post-thumbnail","6":"product_cat-diversos","7":"product_cat-conjuntos","9":"first","10":"instock","11":"shipping-taxable","12":"product-type-simple"},"_links":{"self":[{"href":"https:\/\/promoalge.com.br\/index.php?rest_route=\/wp\/v2\/product\/3853","targetHints":{"allow":["GET"]}}],"collection":[{"href":"https:\/\/promoalge.com.br\/index.php?rest_route=\/wp\/v2\/product"}],"about":[{"href":"https:\/\/promoalge.com.br\/index.php?rest_route=\/wp\/v2\/types\/product"}],"wp:featuredmedia":[{"embeddable":true,"href":"https:\/\/promoalge.com.br\/index.php?rest_route=\/wp\/v2\/media\/3843"}],"wp:attachment":[{"href":"https:\/\/promoalge.com.br\/index.php?rest_route=%2Fwp%2Fv2%2Fmedia&parent=3853"}],"wp:term":[{"taxonomy":"product_brand","embeddable":true,"href":"https:\/\/promoalge.com.br\/index.php?rest_route=%2Fwp%2Fv2%2Fproduct_brand&post=3853"},{"taxonomy":"product_cat","embeddable":true,"href":"https:\/\/promoalge.com.br\/index.php?rest_route=%2Fwp%2Fv2%2Fproduct_cat&post=3853"},{"taxonomy":"product_tag","embeddable":true,"href":"https:\/\/promoalge.com.br\/index.php?rest_route=%2Fwp%2Fv2%2Fproduct_tag&post=3853"}],"curies":[{"name":"wp","href":"https:\/\/api.w.org\/{rel}","templated":true}]}}