{"id":4036,"date":"2019-08-15T15:08:33","date_gmt":"2019-08-15T18:08:33","guid":{"rendered":"http:\/\/promoalge.com.br\/?post_type=product&#038;p=4036"},"modified":"2022-08-17T17:10:58","modified_gmt":"2022-08-17T20:10:58","slug":"kit-queijo-kt90010","status":"publish","type":"product","link":"https:\/\/promoalge.com.br\/?product=kit-queijo-kt90010","title":{"rendered":"Kit Queijo &#8211; KT90010"},"content":{"rendered":"","protected":false},"excerpt":{"rendered":"<p>Kit para Queijo e Cerveja Conta com t\u00e1bua para queijo\/petisco; faca para frios em Metal; dois copos para cerveja em Vidro. Acomodados em uma caixa com ber\u00e7o. Grava\u00e7\u00e3o a laser nos copos e t\u00e1bua.<\/p>\n","protected":false},"featured_media":8169,"template":"","meta":[],"product_brand":[],"product_cat":[49],"product_tag":[],"class_list":{"0":"post-4036","1":"product","2":"type-product","3":"status-publish","4":"has-post-thumbnail","6":"product_cat-bar-queijo-vinhos","8":"first","9":"instock","10":"shipping-taxable","11":"product-type-simple"},"_links":{"self":[{"href":"https:\/\/promoalge.com.br\/index.php?rest_route=\/wp\/v2\/product\/4036","targetHints":{"allow":["GET"]}}],"collection":[{"href":"https:\/\/promoalge.com.br\/index.php?rest_route=\/wp\/v2\/product"}],"about":[{"href":"https:\/\/promoalge.com.br\/index.php?rest_route=\/wp\/v2\/types\/product"}],"wp:featuredmedia":[{"embeddable":true,"href":"https:\/\/promoalge.com.br\/index.php?rest_route=\/wp\/v2\/media\/8169"}],"wp:attachment":[{"href":"https:\/\/promoalge.com.br\/index.php?rest_route=%2Fwp%2Fv2%2Fmedia&parent=4036"}],"wp:term":[{"taxonomy":"product_brand","embeddable":true,"href":"https:\/\/promoalge.com.br\/index.php?rest_route=%2Fwp%2Fv2%2Fproduct_brand&post=4036"},{"taxonomy":"product_cat","embeddable":true,"href":"https:\/\/promoalge.com.br\/index.php?rest_route=%2Fwp%2Fv2%2Fproduct_cat&post=4036"},{"taxonomy":"product_tag","embeddable":true,"href":"https:\/\/promoalge.com.br\/index.php?rest_route=%2Fwp%2Fv2%2Fproduct_tag&post=4036"}],"curies":[{"name":"wp","href":"https:\/\/api.w.org\/{rel}","templated":true}]}}