{"id":406,"date":"2018-06-14T17:15:08","date_gmt":"2018-06-14T20:15:08","guid":{"rendered":"http:\/\/promoalge.com.br\/?product=import-placeholder-for-4098"},"modified":"2025-04-08T17:59:34","modified_gmt":"2025-04-08T20:59:34","slug":"coqueteleira-400-ml-cqtl","status":"publish","type":"product","link":"https:\/\/promoalge.com.br\/?product=coqueteleira-400-ml-cqtl","title":{"rendered":"Coqueteleira 400 Ml &#8211; CQTL"},"content":{"rendered":"<div class=\"desc\">\n<p class=\"desc-sub\">Coqueteleira 400ml pl\u00e1stica porta suplementos desmont\u00e1vel. Possui: copo 400 ml (medida em ml e oz), compartimento com divis\u00f3ria para comprimidos, compartimento para armazenar shake\/suplemento em p\u00f3, sendo todos estes rosque\u00e1veis e poss\u00edvel guardar os dois compartimentos dentro do copo. Acompanha peneira, mosquet\u00e3o, tampa de rosca e trava na pr\u00f3pria tampa(basta levantar para beber).Medidas aproximadas Completa 21 cm x 9,4 cm x 29,8 cm \u2013 Desmontada 14,7 cm x 9,4 cm x 29,8 cm. Grava\u00e7\u00e3o serigrafia.<\/p>\n<\/div>\n","protected":false},"excerpt":{"rendered":"<p>Coqueteleira 400ml pl\u00e1stica porta suplementos desmont\u00e1vel. Possui: copo 400 ml (medida em ml e oz), compartimento com divis\u00f3ria para comprimidos, compartimento para armazenar shake\/suplemento em p\u00f3, sendo todos estes rosque\u00e1veis e poss\u00edvel guardar os dois compartimentos dentro do copo. Acompanha peneira, mosquet\u00e3o, tampa de rosca e trava na pr\u00f3pria tampa(basta levantar para beber).Medidas aproximadas Completa 21 cm x 9,4 cm x 29,8 cm \u2013 Desmontada 14,7 cm x 9,4 cm x 29,8 cm. Grava\u00e7\u00e3o serigrafia.<\/p>\n","protected":false},"featured_media":523,"template":"","meta":[],"product_brand":[],"product_cat":[251,353,413],"product_tag":[],"class_list":{"0":"post-406","1":"product","2":"type-product","3":"status-publish","4":"has-post-thumbnail","6":"product_cat-plastica-canecas-copos-garrafas","7":"product_cat-diversos","8":"product_cat-linha-feminina","10":"first","11":"instock","12":"shipping-taxable","13":"product-type-simple"},"_links":{"self":[{"href":"https:\/\/promoalge.com.br\/index.php?rest_route=\/wp\/v2\/product\/406","targetHints":{"allow":["GET"]}}],"collection":[{"href":"https:\/\/promoalge.com.br\/index.php?rest_route=\/wp\/v2\/product"}],"about":[{"href":"https:\/\/promoalge.com.br\/index.php?rest_route=\/wp\/v2\/types\/product"}],"wp:featuredmedia":[{"embeddable":true,"href":"https:\/\/promoalge.com.br\/index.php?rest_route=\/wp\/v2\/media\/523"}],"wp:attachment":[{"href":"https:\/\/promoalge.com.br\/index.php?rest_route=%2Fwp%2Fv2%2Fmedia&parent=406"}],"wp:term":[{"taxonomy":"product_brand","embeddable":true,"href":"https:\/\/promoalge.com.br\/index.php?rest_route=%2Fwp%2Fv2%2Fproduct_brand&post=406"},{"taxonomy":"product_cat","embeddable":true,"href":"https:\/\/promoalge.com.br\/index.php?rest_route=%2Fwp%2Fv2%2Fproduct_cat&post=406"},{"taxonomy":"product_tag","embeddable":true,"href":"https:\/\/promoalge.com.br\/index.php?rest_route=%2Fwp%2Fv2%2Fproduct_tag&post=406"}],"curies":[{"name":"wp","href":"https:\/\/api.w.org\/{rel}","templated":true}]}}