{"id":417,"date":"2018-06-14T17:15:36","date_gmt":"2018-06-14T20:15:36","guid":{"rendered":"http:\/\/promoalge.com.br\/?product=import-placeholder-for-4111"},"modified":"2018-06-14T17:21:41","modified_gmt":"2018-06-14T20:21:41","slug":"caneca-450-ml-pr902","status":"publish","type":"product","link":"https:\/\/promoalge.com.br\/?product=caneca-450-ml-pr902","title":{"rendered":"Caneca 450 Ml &#8211; PR902"},"content":{"rendered":"<div class=\"desc\">\n<p class=\"desc-sub\">Caneca acr\u00edlica 450 ml com fundo quadrangular com cabo pl\u00e1stico resistente, detalhes na tampa e compartimento interno de inox. Tampa rosque\u00e1vel, possui compartimento que pode ser aberto para beber(n\u00e3o \u00e9 t\u00e9rmica). Medidas\u00a017,3 cm x 13,3 cm,\u00a0grava\u00e7\u00e3o serigrafia.<\/p>\n<\/div>\n<div class=\"desc\"><\/div>\n<div class=\"desc\"><\/div>\n","protected":false},"excerpt":{"rendered":"<p>Caneca acr\u00edlica 450 ml com fundo quadrangular com cabo pl\u00e1stico resistente, detalhes na tampa e compartimento interno de inox. Tampa rosque\u00e1vel, possui compartimento que pode ser aberto para beber(n\u00e3o \u00e9 t\u00e9rmica). Medidas\u00a017,3 cm x 13,3 cm,\u00a0grava\u00e7\u00e3o serigrafia.<\/p>\n","protected":false},"featured_media":536,"template":"","meta":[],"product_brand":[],"product_cat":[237],"product_tag":[],"class_list":{"0":"post-417","1":"product","2":"type-product","3":"status-publish","4":"has-post-thumbnail","6":"product_cat-metalicas","8":"first","9":"instock","10":"shipping-taxable","11":"product-type-simple"},"_links":{"self":[{"href":"https:\/\/promoalge.com.br\/index.php?rest_route=\/wp\/v2\/product\/417","targetHints":{"allow":["GET"]}}],"collection":[{"href":"https:\/\/promoalge.com.br\/index.php?rest_route=\/wp\/v2\/product"}],"about":[{"href":"https:\/\/promoalge.com.br\/index.php?rest_route=\/wp\/v2\/types\/product"}],"wp:featuredmedia":[{"embeddable":true,"href":"https:\/\/promoalge.com.br\/index.php?rest_route=\/wp\/v2\/media\/536"}],"wp:attachment":[{"href":"https:\/\/promoalge.com.br\/index.php?rest_route=%2Fwp%2Fv2%2Fmedia&parent=417"}],"wp:term":[{"taxonomy":"product_brand","embeddable":true,"href":"https:\/\/promoalge.com.br\/index.php?rest_route=%2Fwp%2Fv2%2Fproduct_brand&post=417"},{"taxonomy":"product_cat","embeddable":true,"href":"https:\/\/promoalge.com.br\/index.php?rest_route=%2Fwp%2Fv2%2Fproduct_cat&post=417"},{"taxonomy":"product_tag","embeddable":true,"href":"https:\/\/promoalge.com.br\/index.php?rest_route=%2Fwp%2Fv2%2Fproduct_tag&post=417"}],"curies":[{"name":"wp","href":"https:\/\/api.w.org\/{rel}","templated":true}]}}