{"id":4173,"date":"2019-09-10T14:46:28","date_gmt":"2019-09-10T17:46:28","guid":{"rendered":"http:\/\/promoalge.com.br\/?post_type=product&#038;p=4173"},"modified":"2019-09-10T14:46:28","modified_gmt":"2019-09-10T17:46:28","slug":"coqueteleira-600-ml-pr12942","status":"publish","type":"product","link":"https:\/\/promoalge.com.br\/?product=coqueteleira-600-ml-pr12942","title":{"rendered":"Coqueteleira 600 ml &#8211; PR12942"},"content":{"rendered":"","protected":false},"excerpt":{"rendered":"<p>Coqueteleira 600 ml pl\u00e1stica para Shake, possui medidas em ml e oz, detalhes em relevo nas laterais e mola para misturar. Tampa de rosca e trava na pr\u00f3pria tampa, basta levantar para beber, medidas 22 cm x 9,8 cm x 26,6 cm. Grava\u00e7\u00e3o serigrafia em 1 cor.<\/p>\n<p>Medidas aproximadas para grava\u00e7\u00e3o (CxL):  14 cm x 6 cm<\/p>\n<p>Tamanho total aproximado  (CxL):  22 cm x 9,8 cm x 26,6 cm<\/p>\n","protected":false},"featured_media":4177,"template":"","meta":[],"product_brand":[],"product_cat":[237,353],"product_tag":[],"class_list":{"0":"post-4173","1":"product","2":"type-product","3":"status-publish","4":"has-post-thumbnail","6":"product_cat-metalicas","7":"product_cat-diversos","9":"first","10":"instock","11":"shipping-taxable","12":"product-type-simple"},"_links":{"self":[{"href":"https:\/\/promoalge.com.br\/index.php?rest_route=\/wp\/v2\/product\/4173","targetHints":{"allow":["GET"]}}],"collection":[{"href":"https:\/\/promoalge.com.br\/index.php?rest_route=\/wp\/v2\/product"}],"about":[{"href":"https:\/\/promoalge.com.br\/index.php?rest_route=\/wp\/v2\/types\/product"}],"wp:featuredmedia":[{"embeddable":true,"href":"https:\/\/promoalge.com.br\/index.php?rest_route=\/wp\/v2\/media\/4177"}],"wp:attachment":[{"href":"https:\/\/promoalge.com.br\/index.php?rest_route=%2Fwp%2Fv2%2Fmedia&parent=4173"}],"wp:term":[{"taxonomy":"product_brand","embeddable":true,"href":"https:\/\/promoalge.com.br\/index.php?rest_route=%2Fwp%2Fv2%2Fproduct_brand&post=4173"},{"taxonomy":"product_cat","embeddable":true,"href":"https:\/\/promoalge.com.br\/index.php?rest_route=%2Fwp%2Fv2%2Fproduct_cat&post=4173"},{"taxonomy":"product_tag","embeddable":true,"href":"https:\/\/promoalge.com.br\/index.php?rest_route=%2Fwp%2Fv2%2Fproduct_tag&post=4173"}],"curies":[{"name":"wp","href":"https:\/\/api.w.org\/{rel}","templated":true}]}}