{"id":4251,"date":"2019-09-25T13:08:54","date_gmt":"2019-09-25T16:08:54","guid":{"rendered":"http:\/\/promoalge.com.br\/?post_type=product&#038;p=4251"},"modified":"2019-09-25T13:08:54","modified_gmt":"2019-09-25T16:08:54","slug":"kit-escrita-pr91932","status":"publish","type":"product","link":"https:\/\/promoalge.com.br\/?product=kit-escrita-pr91932","title":{"rendered":"Kit Escrita &#8211; PR91932"},"content":{"rendered":"","protected":false},"excerpt":{"rendered":"<p>Kit para  escrita incluso r\u00e9gua de 16,5 cm, 2 l\u00e1pis de grafite, 1 borracha e 1 apontador, possui estojo em papel kraft medidas 190 x 45 x 20 mm. Grava\u00e7\u00e3o serigrafia em 1 cor nos l\u00e1pis e estojo.<\/p>\n","protected":false},"featured_media":4252,"template":"","meta":[],"product_brand":[],"product_cat":[353,321],"product_tag":[],"class_list":{"0":"post-4251","1":"product","2":"type-product","3":"status-publish","4":"has-post-thumbnail","6":"product_cat-diversos","7":"product_cat-linha-ecologica","9":"first","10":"instock","11":"shipping-taxable","12":"product-type-simple"},"_links":{"self":[{"href":"https:\/\/promoalge.com.br\/index.php?rest_route=\/wp\/v2\/product\/4251","targetHints":{"allow":["GET"]}}],"collection":[{"href":"https:\/\/promoalge.com.br\/index.php?rest_route=\/wp\/v2\/product"}],"about":[{"href":"https:\/\/promoalge.com.br\/index.php?rest_route=\/wp\/v2\/types\/product"}],"wp:featuredmedia":[{"embeddable":true,"href":"https:\/\/promoalge.com.br\/index.php?rest_route=\/wp\/v2\/media\/4252"}],"wp:attachment":[{"href":"https:\/\/promoalge.com.br\/index.php?rest_route=%2Fwp%2Fv2%2Fmedia&parent=4251"}],"wp:term":[{"taxonomy":"product_brand","embeddable":true,"href":"https:\/\/promoalge.com.br\/index.php?rest_route=%2Fwp%2Fv2%2Fproduct_brand&post=4251"},{"taxonomy":"product_cat","embeddable":true,"href":"https:\/\/promoalge.com.br\/index.php?rest_route=%2Fwp%2Fv2%2Fproduct_cat&post=4251"},{"taxonomy":"product_tag","embeddable":true,"href":"https:\/\/promoalge.com.br\/index.php?rest_route=%2Fwp%2Fv2%2Fproduct_tag&post=4251"}],"curies":[{"name":"wp","href":"https:\/\/api.w.org\/{rel}","templated":true}]}}