{"id":4277,"date":"2019-10-02T19:02:42","date_gmt":"2019-10-02T22:02:42","guid":{"rendered":"http:\/\/promoalge.com.br\/?post_type=product&#038;p=4277"},"modified":"2019-10-02T19:02:42","modified_gmt":"2019-10-02T22:02:42","slug":"toalha-de-praia-tlepp","status":"publish","type":"product","link":"https:\/\/promoalge.com.br\/?product=toalha-de-praia-tlepp","title":{"rendered":"Toalha de Praia &#8211; TLEPP"},"content":{"rendered":"","protected":false},"excerpt":{"rendered":"<p>Toalha aveludada Composi\u00e7\u00e3o: 55% algod\u00e3o 45% poli\u00e9ster, Medidas 75 cm x 140 cm, Grava\u00e7\u00e3o em policromia atrav\u00e9s de termo transfer\u00eancia <\/p>\n","protected":false},"featured_media":4278,"template":"","meta":[],"product_brand":[],"product_cat":[414],"product_tag":[],"class_list":{"0":"post-4277","1":"product","2":"type-product","3":"status-publish","4":"has-post-thumbnail","6":"product_cat-praia-verao","8":"first","9":"instock","10":"shipping-taxable","11":"product-type-simple"},"_links":{"self":[{"href":"https:\/\/promoalge.com.br\/index.php?rest_route=\/wp\/v2\/product\/4277","targetHints":{"allow":["GET"]}}],"collection":[{"href":"https:\/\/promoalge.com.br\/index.php?rest_route=\/wp\/v2\/product"}],"about":[{"href":"https:\/\/promoalge.com.br\/index.php?rest_route=\/wp\/v2\/types\/product"}],"wp:featuredmedia":[{"embeddable":true,"href":"https:\/\/promoalge.com.br\/index.php?rest_route=\/wp\/v2\/media\/4278"}],"wp:attachment":[{"href":"https:\/\/promoalge.com.br\/index.php?rest_route=%2Fwp%2Fv2%2Fmedia&parent=4277"}],"wp:term":[{"taxonomy":"product_brand","embeddable":true,"href":"https:\/\/promoalge.com.br\/index.php?rest_route=%2Fwp%2Fv2%2Fproduct_brand&post=4277"},{"taxonomy":"product_cat","embeddable":true,"href":"https:\/\/promoalge.com.br\/index.php?rest_route=%2Fwp%2Fv2%2Fproduct_cat&post=4277"},{"taxonomy":"product_tag","embeddable":true,"href":"https:\/\/promoalge.com.br\/index.php?rest_route=%2Fwp%2Fv2%2Fproduct_tag&post=4277"}],"curies":[{"name":"wp","href":"https:\/\/api.w.org\/{rel}","templated":true}]}}