{"id":4448,"date":"2019-11-04T12:55:31","date_gmt":"2019-11-04T15:55:31","guid":{"rendered":"http:\/\/promoalge.com.br\/?post_type=product&#038;p=4448"},"modified":"2019-11-04T15:03:10","modified_gmt":"2019-11-04T18:03:10","slug":"caneca-inox-200-ml-pr94614","status":"publish","type":"product","link":"https:\/\/promoalge.com.br\/?product=caneca-inox-200-ml-pr94614","title":{"rendered":"Caneca Inox 200 ml &#8211; PR94614"},"content":{"rendered":"","protected":false},"excerpt":{"rendered":"<p>Caneca em A\u00e7o inox com mosquet\u00e3o, capacidade at\u00e9 230 ml, medidas \u00f8 70 x 82 mm. Grava\u00e7\u00e3o a laser.<\/p>\n","protected":false},"featured_media":4449,"template":"","meta":[],"product_brand":[],"product_cat":[237],"product_tag":[],"class_list":{"0":"post-4448","1":"product","2":"type-product","3":"status-publish","4":"has-post-thumbnail","6":"product_cat-metalicas","8":"first","9":"instock","10":"shipping-taxable","11":"product-type-simple"},"_links":{"self":[{"href":"https:\/\/promoalge.com.br\/index.php?rest_route=\/wp\/v2\/product\/4448","targetHints":{"allow":["GET"]}}],"collection":[{"href":"https:\/\/promoalge.com.br\/index.php?rest_route=\/wp\/v2\/product"}],"about":[{"href":"https:\/\/promoalge.com.br\/index.php?rest_route=\/wp\/v2\/types\/product"}],"wp:featuredmedia":[{"embeddable":true,"href":"https:\/\/promoalge.com.br\/index.php?rest_route=\/wp\/v2\/media\/4449"}],"wp:attachment":[{"href":"https:\/\/promoalge.com.br\/index.php?rest_route=%2Fwp%2Fv2%2Fmedia&parent=4448"}],"wp:term":[{"taxonomy":"product_brand","embeddable":true,"href":"https:\/\/promoalge.com.br\/index.php?rest_route=%2Fwp%2Fv2%2Fproduct_brand&post=4448"},{"taxonomy":"product_cat","embeddable":true,"href":"https:\/\/promoalge.com.br\/index.php?rest_route=%2Fwp%2Fv2%2Fproduct_cat&post=4448"},{"taxonomy":"product_tag","embeddable":true,"href":"https:\/\/promoalge.com.br\/index.php?rest_route=%2Fwp%2Fv2%2Fproduct_tag&post=4448"}],"curies":[{"name":"wp","href":"https:\/\/api.w.org\/{rel}","templated":true}]}}