{"id":4457,"date":"2019-11-04T14:59:03","date_gmt":"2019-11-04T17:59:03","guid":{"rendered":"http:\/\/promoalge.com.br\/?post_type=product&#038;p=4457"},"modified":"2025-08-12T16:55:23","modified_gmt":"2025-08-12T19:55:23","slug":"squeeze-com-mosquetao-pr94623","status":"publish","type":"product","link":"https:\/\/promoalge.com.br\/?product=squeeze-com-mosquetao-pr94623","title":{"rendered":"Squeeze com Mosquet\u00e3o &#8211; PR94623"},"content":{"rendered":"","protected":false},"excerpt":{"rendered":"<p>Squeeze em Alum\u00ednio com mosquet\u00e3o, capacidade: 500 ml, medidas \u00f8 66 x 210 mm. Grava\u00e7\u00e3o a laser.<\/p>\n","protected":false},"featured_media":6650,"template":"","meta":[],"product_brand":[],"product_cat":[237],"product_tag":[],"class_list":{"0":"post-4457","1":"product","2":"type-product","3":"status-publish","4":"has-post-thumbnail","6":"product_cat-metalicas","8":"first","9":"instock","10":"shipping-taxable","11":"product-type-simple"},"_links":{"self":[{"href":"https:\/\/promoalge.com.br\/index.php?rest_route=\/wp\/v2\/product\/4457","targetHints":{"allow":["GET"]}}],"collection":[{"href":"https:\/\/promoalge.com.br\/index.php?rest_route=\/wp\/v2\/product"}],"about":[{"href":"https:\/\/promoalge.com.br\/index.php?rest_route=\/wp\/v2\/types\/product"}],"wp:featuredmedia":[{"embeddable":true,"href":"https:\/\/promoalge.com.br\/index.php?rest_route=\/wp\/v2\/media\/6650"}],"wp:attachment":[{"href":"https:\/\/promoalge.com.br\/index.php?rest_route=%2Fwp%2Fv2%2Fmedia&parent=4457"}],"wp:term":[{"taxonomy":"product_brand","embeddable":true,"href":"https:\/\/promoalge.com.br\/index.php?rest_route=%2Fwp%2Fv2%2Fproduct_brand&post=4457"},{"taxonomy":"product_cat","embeddable":true,"href":"https:\/\/promoalge.com.br\/index.php?rest_route=%2Fwp%2Fv2%2Fproduct_cat&post=4457"},{"taxonomy":"product_tag","embeddable":true,"href":"https:\/\/promoalge.com.br\/index.php?rest_route=%2Fwp%2Fv2%2Fproduct_tag&post=4457"}],"curies":[{"name":"wp","href":"https:\/\/api.w.org\/{rel}","templated":true}]}}