{"id":4736,"date":"2019-11-18T18:39:30","date_gmt":"2019-11-18T21:39:30","guid":{"rendered":"http:\/\/promoalge.com.br\/?post_type=product&#038;p=4736"},"modified":"2019-11-18T18:39:31","modified_gmt":"2019-11-18T21:39:31","slug":"kit-mochila-sacola-bone-trucker-prktmb","status":"publish","type":"product","link":"https:\/\/promoalge.com.br\/?product=kit-mochila-sacola-bone-trucker-prktmb","title":{"rendered":"Kit Mochila Sacola &#038; Bon\u00e9 Trucker &#8211; PRKTMB"},"content":{"rendered":"","protected":false},"excerpt":{"rendered":"<p>Kit Incluso Mochila Sacola tipo mochila em nylon, medidas 350 x 410 mm e Bone modelo Trucker produzido em brim com tela na parte traseira, regulador e fechamento pl\u00e1stico. Incluso personaliza\u00e7\u00e3o em serigrafia nos dois itens em 1 cor.<\/p>\n","protected":false},"featured_media":4737,"template":"","meta":[],"product_brand":[],"product_cat":[93,407],"product_tag":[],"class_list":{"0":"post-4736","1":"product","2":"type-product","3":"status-publish","4":"has-post-thumbnail","6":"product_cat-bones-viseiras","7":"product_cat-conjuntos","9":"first","10":"instock","11":"shipping-taxable","12":"product-type-simple"},"_links":{"self":[{"href":"https:\/\/promoalge.com.br\/index.php?rest_route=\/wp\/v2\/product\/4736","targetHints":{"allow":["GET"]}}],"collection":[{"href":"https:\/\/promoalge.com.br\/index.php?rest_route=\/wp\/v2\/product"}],"about":[{"href":"https:\/\/promoalge.com.br\/index.php?rest_route=\/wp\/v2\/types\/product"}],"wp:featuredmedia":[{"embeddable":true,"href":"https:\/\/promoalge.com.br\/index.php?rest_route=\/wp\/v2\/media\/4737"}],"wp:attachment":[{"href":"https:\/\/promoalge.com.br\/index.php?rest_route=%2Fwp%2Fv2%2Fmedia&parent=4736"}],"wp:term":[{"taxonomy":"product_brand","embeddable":true,"href":"https:\/\/promoalge.com.br\/index.php?rest_route=%2Fwp%2Fv2%2Fproduct_brand&post=4736"},{"taxonomy":"product_cat","embeddable":true,"href":"https:\/\/promoalge.com.br\/index.php?rest_route=%2Fwp%2Fv2%2Fproduct_cat&post=4736"},{"taxonomy":"product_tag","embeddable":true,"href":"https:\/\/promoalge.com.br\/index.php?rest_route=%2Fwp%2Fv2%2Fproduct_tag&post=4736"}],"curies":[{"name":"wp","href":"https:\/\/api.w.org\/{rel}","templated":true}]}}